CRAN Package Check Results for Package robustX

Last updated on 2021-07-01 01:49:24 CEST.

Flavor Version Tinstall Tcheck Ttotal Status Flags
r-devel-linux-x86_64-debian-clang 1.2-5 3.46 45.09 48.55 OK
r-devel-linux-x86_64-debian-gcc 1.2-5 2.79 34.73 37.52 OK
r-devel-linux-x86_64-fedora-clang 1.2-5 68.38 NOTE
r-devel-linux-x86_64-fedora-gcc 1.2-5 63.32 OK
r-devel-windows-x86_64 1.2-5 6.00 65.00 71.00 OK
r-devel-windows-x86_64-gcc10-UCRT 1.2-5 OK
r-patched-linux-x86_64 1.2-5 4.32 44.33 48.65 OK
r-patched-solaris-x86 1.2-5 80.80 OK
r-release-linux-x86_64 1.2-5 3.75 42.96 46.71 OK
r-release-macos-arm64 1.2-5 OK
r-release-macos-x86_64 1.2-5 OK
r-release-windows-ix86+x86_64 1.2-5 6.00 60.00 66.00 OK
r-oldrel-macos-x86_64 1.2-5 OK
r-oldrel-windows-ix86+x86_64 1.2-5 8.00 51.00 59.00 OK

Check Details

Version: 1.2-5
Check: Rd cross-references
Result: NOTE
    Undeclared package ‘pcaPP’ in Rd xrefs
Flavor: r-devel-linux-x86_64-fedora-clang