Last updated on 2021-07-01 01:49:24 CEST.
Flavor | Version | Tinstall | Tcheck | Ttotal | Status | Flags |
---|---|---|---|---|---|---|
r-devel-linux-x86_64-debian-clang | 2.4-4 | 239.51 | 330.94 | 570.45 | OK | |
r-devel-linux-x86_64-debian-gcc | 2.4-4 | 176.42 | 246.85 | 423.27 | OK | |
r-devel-linux-x86_64-fedora-clang | 2.4-4 | 737.14 | NOTE | |||
r-devel-linux-x86_64-fedora-gcc | 2.4-4 | 760.24 | OK | |||
r-devel-windows-x86_64 | 2.4-4 | 217.00 | 402.00 | 619.00 | OK | |
r-devel-windows-x86_64-gcc10-UCRT | 2.4-4 | OK | ||||
r-patched-linux-x86_64 | 2.4-4 | 206.06 | 314.35 | 520.41 | OK | |
r-patched-solaris-x86 | 2.4-4 | 765.00 | OK | |||
r-release-linux-x86_64 | 2.4-4 | 216.69 | 313.26 | 529.95 | OK | |
r-release-macos-arm64 | 2.4-4 | NOTE | ||||
r-release-macos-x86_64 | 2.4-4 | NOTE | ||||
r-release-windows-ix86+x86_64 | 2.4-4 | 469.00 | 589.00 | 1058.00 | NOTE | |
r-oldrel-macos-x86_64 | 2.4-4 | NOTE | ||||
r-oldrel-windows-ix86+x86_64 | 2.4-4 | 539.00 | 484.00 | 1023.00 | NOTE |
Version: 2.4-4
Check: installed package size
Result: NOTE
installed size is 30.8Mb
sub-directories of 1Mb or more:
libs 29.6Mb
Flavors: r-devel-linux-x86_64-fedora-clang, r-release-macos-arm64, r-release-macos-x86_64, r-release-windows-ix86+x86_64, r-oldrel-macos-x86_64, r-oldrel-windows-ix86+x86_64