CRAN Package Check Results for Package roxygen2

Last updated on 2021-07-01 01:49:24 CEST.

Flavor Version Tinstall Tcheck Ttotal Status Flags
r-devel-linux-x86_64-debian-clang 7.1.1 54.60 87.14 141.74 OK
r-devel-linux-x86_64-debian-gcc 7.1.1 35.69 64.72 100.41 OK
r-devel-linux-x86_64-fedora-clang 7.1.1 193.28 OK
r-devel-linux-x86_64-fedora-gcc 7.1.1 177.30 OK
r-devel-windows-x86_64 7.1.1 59.00 118.00 177.00 OK
r-devel-windows-x86_64-gcc10-UCRT 7.1.1 ERROR
r-patched-linux-x86_64 7.1.1 45.73 81.64 127.37 OK
r-patched-solaris-x86 7.1.1 189.70 OK
r-release-linux-x86_64 7.1.1 42.96 82.66 125.62 OK
r-release-macos-arm64 7.1.1 OK
r-release-macos-x86_64 7.1.1 OK
r-release-windows-ix86+x86_64 7.1.1 120.00 147.00 267.00 OK
r-oldrel-macos-x86_64 7.1.1 OK
r-oldrel-windows-ix86+x86_64 7.1.1 122.00 145.00 267.00 OK

Check Details

Version: 7.1.1
Check: tests
Result: ERROR
     Running 'testthat.R'
    Running the tests in 'tests/testthat.R' failed.
    Last 13 lines of output:
     1. \-roxygen2:::expect_equal_strings(out1$get_value("details"), exp_details) test-rd-includermd.R:179:2
     2. \-testthat::expect_equal(s1, s2) C:\msys64\home\tomas\ucrt3\svn\ucrt3\r_packages\pkgcheck\CRAN\roxygen2\roxygen2.Rcheck\tests\testthat\helper-test.R:12:2
    
     [ FAIL 1 | WARN 0 | SKIP 13 | PASS 733 ]
     Error: Test failures
     In addition: Warning messages:
     1: In attributes(.Data) <- c(attributes(.Data), attrib) :
     closing unused connection 7 (C:\msys64\home\tomas\ucrt3\svn\ucrt3\r_packages\pkgcheck\CRAN\roxygen2\tmp\RtmpCKf4uO\file23de833d67025)
     2: In attributes(.Data) <- c(attributes(.Data), attrib) :
     closing unused connection 6 (C:\msys64\home\tomas\ucrt3\svn\ucrt3\r_packages\pkgcheck\CRAN\roxygen2\tmp\RtmpCKf4uO\file23de869fd34df)
     3: In attributes(.Data) <- c(attributes(.Data), attrib) :
     closing unused connection 5 (C:\msys64\home\tomas\ucrt3\svn\ucrt3\r_packages\pkgcheck\CRAN\roxygen2\tmp\RtmpCKf4uO\file23de87f242cbb)
     4: In attributes(.Data) <- c(attributes(.Data), attrib) :
     closing unused connection 4 (C:\msys64\home\tomas\ucrt3\svn\ucrt3\r_packages\pkgcheck\CRAN\roxygen2\tmp\RtmpCKf4uO\file23de857c23999)
     Execution halted
Flavor: r-devel-windows-x86_64-gcc10-UCRT