CRAN Package Check Results for Package rpdo

Last updated on 2021-07-01 01:49:24 CEST.

Flavor Version Tinstall Tcheck Ttotal Status Flags
r-devel-linux-x86_64-debian-clang 0.3.1 2.16 28.50 30.66 OK
r-devel-linux-x86_64-debian-gcc 0.3.1 1.64 22.30 23.94 OK
r-devel-linux-x86_64-fedora-clang 0.3.1 45.61 NOTE
r-devel-linux-x86_64-fedora-gcc 0.3.1 35.50 OK
r-devel-windows-x86_64 0.3.1 3.00 50.00 53.00 OK
r-devel-windows-x86_64-gcc10-UCRT 0.3.1 OK
r-patched-linux-x86_64 0.3.1 2.30 27.34 29.64 OK
r-patched-solaris-x86 0.3.1 56.50 OK
r-release-linux-x86_64 0.3.1 2.12 27.42 29.54 OK
r-release-macos-arm64 0.3.1 OK
r-release-macos-x86_64 0.3.1 OK
r-release-windows-ix86+x86_64 0.3.1 4.00 41.00 45.00 OK
r-oldrel-macos-x86_64 0.3.1 OK
r-oldrel-windows-ix86+x86_64 0.3.1 5.00 36.00 41.00 OK

Check Details

Version: 0.3.1
Check: Rd cross-references
Result: NOTE
    Undeclared package ‘rsoi’ in Rd xrefs
Flavor: r-devel-linux-x86_64-fedora-clang