CRAN Package Check Results for Package rscopus

Last updated on 2021-07-01 01:49:25 CEST.

Flavor Version Tinstall Tcheck Ttotal Status Flags
r-devel-linux-x86_64-debian-clang 0.6.6 8.16 68.16 76.32 NOTE
r-devel-linux-x86_64-debian-gcc 0.6.6 5.14 50.61 55.75 NOTE
r-devel-linux-x86_64-fedora-clang 0.6.6 97.92 NOTE
r-devel-linux-x86_64-fedora-gcc 0.6.6 86.34 NOTE
r-devel-windows-x86_64 0.6.6 10.00 88.00 98.00 NOTE
r-devel-windows-x86_64-gcc10-UCRT 0.6.6 NOTE
r-patched-linux-x86_64 0.6.6 12.43 64.23 76.66 NOTE
r-patched-solaris-x86 0.6.6 118.00 NOTE
r-release-linux-x86_64 0.6.6 6.53 63.88 70.41 NOTE
r-release-macos-arm64 0.6.6 NOTE
r-release-macos-x86_64 0.6.6 NOTE
r-release-windows-ix86+x86_64 0.6.6 16.00 84.00 100.00 NOTE
r-oldrel-macos-x86_64 0.6.6 OK
r-oldrel-windows-ix86+x86_64 0.6.6 16.00 81.00 97.00 OK

Check Details

Version: 0.6.6
Check: LazyData
Result: NOTE
     'LazyData' is specified without a 'data' directory
Flavors: r-devel-linux-x86_64-debian-clang, r-devel-linux-x86_64-debian-gcc, r-devel-linux-x86_64-fedora-clang, r-devel-linux-x86_64-fedora-gcc, r-devel-windows-x86_64, r-devel-windows-x86_64-gcc10-UCRT, r-patched-linux-x86_64, r-patched-solaris-x86, r-release-linux-x86_64, r-release-macos-arm64, r-release-macos-x86_64, r-release-windows-ix86+x86_64