Last updated on 2021-07-01 01:49:25 CEST.
Flavor | Version | Tinstall | Tcheck | Ttotal | Status | Flags |
---|---|---|---|---|---|---|
r-devel-linux-x86_64-debian-clang | 0.2.6.1 | 63.20 | 35.59 | 98.79 | OK | |
r-devel-linux-x86_64-debian-gcc | 0.2.6.1 | 47.00 | 27.37 | 74.37 | OK | |
r-devel-linux-x86_64-fedora-clang | 0.2.6.1 | 140.65 | NOTE | |||
r-devel-linux-x86_64-fedora-gcc | 0.2.6.1 | 129.83 | OK | |||
r-devel-windows-x86_64 | 0.2.6.1 | 57.00 | 65.00 | 122.00 | OK | |
r-devel-windows-x86_64-gcc10-UCRT | 0.2.6.1 | OK | ||||
r-patched-linux-x86_64 | 0.2.6.1 | 51.55 | 34.39 | 85.94 | OK | |
r-patched-solaris-x86 | 0.2.6.1 | 133.10 | OK | |||
r-release-linux-x86_64 | 0.2.6.1 | 53.37 | 33.76 | 87.13 | OK | |
r-release-macos-arm64 | 0.2.6.1 | NOTE | ||||
r-release-macos-x86_64 | 0.2.6.1 | NOTE | ||||
r-release-windows-ix86+x86_64 | 0.2.6.1 | 101.00 | 86.00 | 187.00 | OK | |
r-oldrel-macos-x86_64 | 0.2.6.1 | NOTE | ||||
r-oldrel-windows-ix86+x86_64 | 0.2.6.1 | 131.00 | 87.00 | 218.00 | OK |
Version: 0.2.6.1
Check: installed package size
Result: NOTE
installed size is 6.3Mb
sub-directories of 1Mb or more:
libs 6.1Mb
Flavors: r-devel-linux-x86_64-fedora-clang, r-release-macos-arm64, r-release-macos-x86_64, r-oldrel-macos-x86_64