Last updated on 2021-07-01 01:49:25 CEST.
Flavor | Version | Tinstall | Tcheck | Ttotal | Status | Flags |
---|---|---|---|---|---|---|
r-devel-linux-x86_64-debian-clang | 0.3.3 | 6.19 | 43.73 | 49.92 | OK | |
r-devel-linux-x86_64-debian-gcc | 0.3.3 | 4.87 | 32.21 | 37.08 | OK | |
r-devel-linux-x86_64-fedora-clang | 0.3.3 | 66.53 | NOTE | |||
r-devel-linux-x86_64-fedora-gcc | 0.3.3 | 65.11 | NOTE | |||
r-devel-windows-x86_64 | 0.3.3 | 11.00 | 62.00 | 73.00 | OK | |
r-devel-windows-x86_64-gcc10-UCRT | 0.3.3 | NOTE | ||||
r-patched-linux-x86_64 | 0.3.3 | 6.57 | 40.77 | 47.34 | OK | |
r-patched-solaris-x86 | 0.3.3 | 86.30 | NOTE | |||
r-release-linux-x86_64 | 0.3.3 | 4.71 | 40.88 | 45.59 | OK | |
r-release-macos-arm64 | 0.3.3 | NOTE | ||||
r-release-macos-x86_64 | 0.3.3 | NOTE | ||||
r-release-windows-ix86+x86_64 | 0.3.3 | 12.00 | 56.00 | 68.00 | OK | |
r-oldrel-macos-x86_64 | 0.3.3 | NOTE | ||||
r-oldrel-windows-ix86+x86_64 | 0.3.3 | 12.00 | 50.00 | 62.00 | OK |
Version: 0.3.3
Check: dependencies in R code
Result: NOTE
Namespaces in Imports field not imported from:
‘memoise’ ‘tidyr’
All declared Imports should be used.
Flavors: r-devel-linux-x86_64-fedora-clang, r-devel-linux-x86_64-fedora-gcc, r-devel-windows-x86_64-gcc10-UCRT, r-patched-solaris-x86, r-release-macos-arm64, r-release-macos-x86_64, r-oldrel-macos-x86_64
Version: 0.3.3
Check: data for non-ASCII characters
Result: NOTE
Note: found 37 marked UTF-8 strings
Flavors: r-devel-linux-x86_64-fedora-clang, r-devel-linux-x86_64-fedora-gcc, r-devel-windows-x86_64-gcc10-UCRT, r-patched-solaris-x86, r-release-macos-arm64, r-release-macos-x86_64, r-oldrel-macos-x86_64
Version: 0.3.3
Check: package dependencies
Result: NOTE
Packages suggested but not available for checking: 'showtext', 'sysfonts'
Flavor: r-release-macos-arm64