Last updated on 2021-07-01 01:49:25 CEST.
Flavor | Version | Tinstall | Tcheck | Ttotal | Status | Flags |
---|---|---|---|---|---|---|
r-devel-linux-x86_64-debian-clang | 0.4.0 | 63.32 | 42.08 | 105.40 | OK | |
r-devel-linux-x86_64-debian-gcc | 0.4.0 | 44.96 | 32.42 | 77.38 | OK | |
r-devel-linux-x86_64-fedora-clang | 0.4.0 | 155.84 | OK | |||
r-devel-linux-x86_64-fedora-gcc | 0.4.0 | 139.13 | OK | |||
r-devel-windows-x86_64 | 0.4.0 | 66.00 | 79.00 | 145.00 | OK | |
r-devel-windows-x86_64-gcc10-UCRT | 0.4.0 | OK | ||||
r-patched-linux-x86_64 | 0.4.0 | 53.13 | 40.45 | 93.58 | OK | |
r-patched-solaris-x86 | 0.4.0 | 166.60 | OK | |||
r-release-linux-x86_64 | 0.4.0 | 51.77 | 40.70 | 92.47 | OK | |
r-release-macos-arm64 | 0.4.0 | NOTE | ||||
r-release-macos-x86_64 | 0.4.0 | OK | ||||
r-release-windows-ix86+x86_64 | 0.4.0 | 120.00 | 93.00 | 213.00 | OK | |
r-oldrel-macos-x86_64 | 0.4.0 | OK | ||||
r-oldrel-windows-ix86+x86_64 | 0.4.0 | 158.00 | 103.00 | 261.00 | OK |
Version: 0.4.0
Check: installed package size
Result: NOTE
installed size is 5.1Mb
sub-directories of 1Mb or more:
libs 4.0Mb
Flavor: r-release-macos-arm64