Last updated on 2021-07-01 01:49:25 CEST.
Flavor | Version | Tinstall | Tcheck | Ttotal | Status | Flags |
---|---|---|---|---|---|---|
r-devel-linux-x86_64-debian-clang | 0.5.5 | 2.73 | 24.39 | 27.12 | NOTE | |
r-devel-linux-x86_64-debian-gcc | 0.5.5 | 1.87 | 19.23 | 21.10 | NOTE | |
r-devel-linux-x86_64-fedora-clang | 0.5.5 | 41.60 | NOTE | |||
r-devel-linux-x86_64-fedora-gcc | 0.5.5 | 30.83 | NOTE | |||
r-devel-windows-x86_64 | 0.5.5 | 15.00 | 39.00 | 54.00 | NOTE | |
r-devel-windows-x86_64-gcc10-UCRT | 0.5.5 | NOTE | ||||
r-patched-linux-x86_64 | 0.5.5 | 2.64 | 23.17 | 25.81 | NOTE | |
r-patched-solaris-x86 | 0.5.5 | 48.30 | NOTE | |||
r-release-linux-x86_64 | 0.5.5 | 2.44 | 23.47 | 25.91 | NOTE | |
r-release-macos-arm64 | 0.5.5 | NOTE | ||||
r-release-macos-x86_64 | 0.5.5 | NOTE | ||||
r-release-windows-ix86+x86_64 | 0.5.5 | 5.00 | 37.00 | 42.00 | NOTE | |
r-oldrel-macos-x86_64 | 0.5.5 | OK | ||||
r-oldrel-windows-ix86+x86_64 | 0.5.5 | 6.00 | 33.00 | 39.00 | OK |
Version: 0.5.5
Check: LazyData
Result: NOTE
'LazyData' is specified without a 'data' directory
Flavors: r-devel-linux-x86_64-debian-clang, r-devel-linux-x86_64-debian-gcc, r-devel-linux-x86_64-fedora-clang, r-devel-linux-x86_64-fedora-gcc, r-devel-windows-x86_64, r-devel-windows-x86_64-gcc10-UCRT, r-patched-linux-x86_64, r-patched-solaris-x86, r-release-linux-x86_64, r-release-macos-arm64, r-release-macos-x86_64, r-release-windows-ix86+x86_64