Last updated on 2021-07-01 01:49:25 CEST.
Flavor | Version | Tinstall | Tcheck | Ttotal | Status | Flags |
---|---|---|---|---|---|---|
r-devel-linux-x86_64-debian-clang | 0.1.0 | 5.39 | 57.45 | 62.84 | NOTE | |
r-devel-linux-x86_64-debian-gcc | 0.1.0 | 5.03 | 43.82 | 48.85 | NOTE | |
r-devel-linux-x86_64-fedora-clang | 0.1.0 | 85.32 | NOTE | |||
r-devel-linux-x86_64-fedora-gcc | 0.1.0 | 72.56 | NOTE | |||
r-devel-windows-x86_64 | 0.1.0 | 20.00 | 81.00 | 101.00 | NOTE | |
r-devel-windows-x86_64-gcc10-UCRT | 0.1.0 | NOTE | ||||
r-patched-linux-x86_64 | 0.1.0 | 5.70 | 54.72 | 60.42 | NOTE | |
r-patched-solaris-x86 | 0.1.0 | 102.70 | NOTE | |||
r-release-linux-x86_64 | 0.1.0 | 5.02 | 54.20 | 59.22 | NOTE | |
r-release-macos-arm64 | 0.1.0 | NOTE | ||||
r-release-macos-x86_64 | 0.1.0 | NOTE | ||||
r-release-windows-ix86+x86_64 | 0.1.0 | 22.00 | 76.00 | 98.00 | NOTE | |
r-oldrel-macos-x86_64 | 0.1.0 | OK | ||||
r-oldrel-windows-ix86+x86_64 | 0.1.0 | 15.00 | 70.00 | 85.00 | OK |
Version: 0.1.0
Check: LazyData
Result: NOTE
'LazyData' is specified without a 'data' directory
Flavors: r-devel-linux-x86_64-debian-clang, r-devel-linux-x86_64-debian-gcc, r-devel-linux-x86_64-fedora-clang, r-devel-linux-x86_64-fedora-gcc, r-devel-windows-x86_64, r-devel-windows-x86_64-gcc10-UCRT, r-patched-linux-x86_64, r-patched-solaris-x86, r-release-linux-x86_64, r-release-macos-arm64, r-release-macos-x86_64, r-release-windows-ix86+x86_64