CRAN Package Check Results for Package sara4r

Last updated on 2021-07-01 01:49:25 CEST.

Flavor Version Tinstall Tcheck Ttotal Status Flags
r-devel-linux-x86_64-debian-clang 0.0.8 16.73 110.34 127.07 NOTE
r-devel-linux-x86_64-debian-gcc 0.0.8 11.39 82.92 94.31 NOTE
r-devel-linux-x86_64-fedora-clang 0.0.8 156.07 NOTE
r-devel-linux-x86_64-fedora-gcc 0.0.8 149.33 NOTE
r-devel-windows-x86_64 0.0.8 14.00 119.00 133.00 NOTE
r-devel-windows-x86_64-gcc10-UCRT 0.0.8 NOTE
r-patched-linux-x86_64 0.0.8 14.20 104.73 118.93 NOTE
r-patched-solaris-x86 0.0.8 195.90 NOTE
r-release-linux-x86_64 0.0.8 15.62 105.45 121.07 NOTE
r-release-macos-arm64 0.0.8 ERROR
r-release-macos-x86_64 0.0.8 NOTE
r-release-windows-ix86+x86_64 0.0.8 21.00 113.00 134.00 NOTE
r-oldrel-macos-x86_64 0.0.8 OK
r-oldrel-windows-ix86+x86_64 0.0.8 28.00 100.00 128.00 OK

Check Details

Version: 0.0.8
Check: LazyData
Result: NOTE
     'LazyData' is specified without a 'data' directory
Flavors: r-devel-linux-x86_64-debian-clang, r-devel-linux-x86_64-debian-gcc, r-devel-linux-x86_64-fedora-clang, r-devel-linux-x86_64-fedora-gcc, r-devel-windows-x86_64, r-devel-windows-x86_64-gcc10-UCRT, r-patched-linux-x86_64, r-patched-solaris-x86, r-release-linux-x86_64, r-release-macos-x86_64, r-release-windows-ix86+x86_64

Version: 0.0.8
Check: package dependencies
Result: ERROR
    Package required but not available: ‘RGtk2’
    
    See section ‘The DESCRIPTION file’ in the ‘Writing R Extensions’
    manual.
Flavor: r-release-macos-arm64