CRAN Package Check Results for Package scDHA

Last updated on 2021-07-01 01:49:25 CEST.

Flavor Version Tinstall Tcheck Ttotal Status Flags
r-devel-linux-x86_64-debian-clang 1.1.1 52.18 121.16 173.34 OK
r-devel-linux-x86_64-debian-gcc 1.1.1 41.91 90.69 132.60 OK
r-devel-linux-x86_64-fedora-clang 1.1.1 225.79 NOTE
r-devel-linux-x86_64-fedora-gcc 1.1.1 218.33 OK
r-devel-windows-x86_64 1.1.1 71.00 148.00 219.00 OK
r-devel-windows-x86_64-gcc10-UCRT 1.1.1 OK
r-patched-linux-x86_64 1.1.1 48.53 114.63 163.16 OK
r-patched-solaris-x86 1.1.1 261.70 OK
r-release-linux-x86_64 1.1.1 49.17 113.98 163.15 OK
r-release-macos-arm64 1.1.1 NOTE
r-release-macos-x86_64 1.1.1 NOTE
r-release-windows-ix86+x86_64 1.1.1 124.00 178.00 302.00 NOTE
r-oldrel-macos-x86_64 1.1.1 NOTE
r-oldrel-windows-ix86+x86_64 1.1.1 124.00 199.00 323.00 NOTE

Check Details

Version: 1.1.1
Check: installed package size
Result: NOTE
     installed size is 6.4Mb
     sub-directories of 1Mb or more:
     data 3.4Mb
     libs 2.6Mb
Flavors: r-devel-linux-x86_64-fedora-clang, r-release-macos-arm64, r-release-macos-x86_64, r-release-windows-ix86+x86_64, r-oldrel-macos-x86_64, r-oldrel-windows-ix86+x86_64