CRAN Package Check Results for Package scMappR

Last updated on 2021-07-01 01:49:25 CEST.

Flavor Version Tinstall Tcheck Ttotal Status Flags
r-devel-linux-x86_64-debian-clang 1.0.2 57.69 504.36 562.05 OK
r-devel-linux-x86_64-debian-gcc 1.0.2 43.47 378.50 421.97 OK
r-devel-linux-x86_64-fedora-clang 1.0.2 689.30 OK
r-devel-linux-x86_64-fedora-gcc 1.0.2 683.17 OK
r-devel-windows-x86_64 1.0.2 77.00 596.00 673.00 OK
r-devel-windows-x86_64-gcc10-UCRT 1.0.2 OK
r-patched-linux-x86_64 1.0.2 52.59 470.47 523.06 OK
r-patched-solaris-x86 1.0.2 978.10 OK
r-release-linux-x86_64 1.0.2 55.84 478.48 534.32 OK
r-release-macos-arm64 1.0.2 ERROR
r-release-macos-x86_64 1.0.2 ERROR
r-release-windows-ix86+x86_64 1.0.2 137.00 516.00 653.00 OK
r-oldrel-macos-x86_64 1.0.2 ERROR
r-oldrel-windows-ix86+x86_64 1.0.2 106.00 409.00 515.00 OK

Check Details

Version: 1.0.2
Check: package dependencies
Result: ERROR
    Packages required but not available: 'GSVA', 'pcaMethods', 'ADAPTS'
    
    See section ‘The DESCRIPTION file’ in the ‘Writing R Extensions’
    manual.
Flavor: r-release-macos-arm64

Version: 1.0.2
Check: package dependencies
Result: ERROR
    Package required but not available: ‘ADAPTS’
    
    See section ‘The DESCRIPTION file’ in the ‘Writing R Extensions’
    manual.
Flavors: r-release-macos-x86_64, r-oldrel-macos-x86_64