CRAN Package Check Results for Package secret

Last updated on 2021-07-01 01:49:25 CEST.

Flavor Version Tinstall Tcheck Ttotal Status Flags
r-devel-linux-x86_64-debian-clang 1.1.0 3.15 30.79 33.94 NOTE
r-devel-linux-x86_64-debian-gcc 1.1.0 2.33 24.41 26.74 NOTE
r-devel-linux-x86_64-fedora-clang 1.1.0 49.95 NOTE
r-devel-linux-x86_64-fedora-gcc 1.1.0 39.90 NOTE
r-devel-windows-x86_64 1.1.0 4.00 47.00 51.00 NOTE
r-devel-windows-x86_64-gcc10-UCRT 1.1.0 NOTE
r-patched-linux-x86_64 1.1.0 3.58 29.89 33.47 NOTE
r-patched-solaris-x86 1.1.0 61.90 NOTE
r-release-linux-x86_64 1.1.0 2.95 30.01 32.96 NOTE
r-release-macos-arm64 1.1.0 NOTE
r-release-macos-x86_64 1.1.0 NOTE
r-release-windows-ix86+x86_64 1.1.0 13.00 43.00 56.00 NOTE
r-oldrel-macos-x86_64 1.1.0 OK
r-oldrel-windows-ix86+x86_64 1.1.0 8.00 47.00 55.00 OK

Check Details

Version: 1.1.0
Check: LazyData
Result: NOTE
     'LazyData' is specified without a 'data' directory
Flavors: r-devel-linux-x86_64-debian-clang, r-devel-linux-x86_64-debian-gcc, r-devel-linux-x86_64-fedora-clang, r-devel-linux-x86_64-fedora-gcc, r-devel-windows-x86_64, r-devel-windows-x86_64-gcc10-UCRT, r-patched-linux-x86_64, r-patched-solaris-x86, r-release-linux-x86_64, r-release-macos-arm64, r-release-macos-x86_64, r-release-windows-ix86+x86_64