Last updated on 2021-07-01 01:49:25 CEST.
Flavor | Version | Tinstall | Tcheck | Ttotal | Status | Flags |
---|---|---|---|---|---|---|
r-devel-linux-x86_64-debian-clang | 0.6.4 | 12.93 | 238.18 | 251.11 | OK | |
r-devel-linux-x86_64-debian-gcc | 0.6.4 | 9.42 | 166.73 | 176.15 | OK | |
r-devel-linux-x86_64-fedora-clang | 0.6.4 | 298.56 | OK | |||
r-devel-linux-x86_64-fedora-gcc | 0.6.4 | 294.66 | OK | |||
r-devel-windows-x86_64 | 0.6.4 | 18.00 | 296.00 | 314.00 | OK | |
r-devel-windows-x86_64-gcc10-UCRT | 0.6.4 | OK | ||||
r-patched-linux-x86_64 | 0.6.4 | 10.01 | 222.53 | 232.54 | OK | |
r-patched-solaris-x86 | 0.6.4 | 405.20 | NOTE | |||
r-release-linux-x86_64 | 0.6.4 | 10.29 | 227.09 | 237.38 | OK | |
r-release-macos-arm64 | 0.6.4 | OK | ||||
r-release-macos-x86_64 | 0.6.4 | OK | ||||
r-release-windows-ix86+x86_64 | 0.6.4 | 35.00 | 293.00 | 328.00 | OK | |
r-oldrel-macos-x86_64 | 0.6.4 | OK | ||||
r-oldrel-windows-ix86+x86_64 | 0.6.4 | 34.00 | 244.00 | 278.00 | OK |
Version: 0.6.4
Check: package dependencies
Result: NOTE
Package suggested but not available for checking: ‘glmmTMB’
Flavor: r-patched-solaris-x86