Last updated on 2021-07-01 01:49:26 CEST.
Flavor | Version | Tinstall | Tcheck | Ttotal | Status | Flags |
---|---|---|---|---|---|---|
r-devel-linux-x86_64-debian-clang | 0.1.2 | 796.83 | 30.34 | 827.17 | NOTE | |
r-devel-linux-x86_64-debian-gcc | 0.1.2 | 488.27 | 24.13 | 512.40 | NOTE | |
r-devel-linux-x86_64-fedora-clang | 0.1.2 | 994.96 | NOTE | |||
r-devel-linux-x86_64-fedora-gcc | 0.1.2 | 970.60 | NOTE | |||
r-devel-windows-x86_64 | 0.1.2 | 652.00 | 68.00 | 720.00 | NOTE | |
r-devel-windows-x86_64-gcc10-UCRT | 0.1.2 | NOTE | ||||
r-patched-linux-x86_64 | 0.1.2 | 568.69 | 29.53 | 598.22 | NOTE | |
r-patched-solaris-x86 | 0.1.2 | 692.90 | NOTE | |||
r-release-linux-x86_64 | 0.1.2 | 576.06 | 29.32 | 605.38 | NOTE | |
r-release-macos-arm64 | 0.1.2 | NOTE | ||||
r-release-macos-x86_64 | 0.1.2 | NOTE | ||||
r-release-windows-ix86+x86_64 | 0.1.2 | 1252.00 | 78.00 | 1330.00 | NOTE | |
r-oldrel-macos-x86_64 | 0.1.2 | NOTE | ||||
r-oldrel-windows-ix86+x86_64 | 0.1.2 | 1610.00 | 87.00 | 1697.00 | NOTE |
Version: 0.1.2
Check: LazyData
Result: NOTE
'LazyData' is specified without a 'data' directory
Flavors: r-devel-linux-x86_64-debian-clang, r-devel-linux-x86_64-debian-gcc, r-devel-linux-x86_64-fedora-clang, r-devel-linux-x86_64-fedora-gcc, r-devel-windows-x86_64, r-devel-windows-x86_64-gcc10-UCRT, r-patched-linux-x86_64, r-patched-solaris-x86, r-release-linux-x86_64, r-release-macos-arm64, r-release-macos-x86_64, r-release-windows-ix86+x86_64
Version: 0.1.2
Check: installed package size
Result: NOTE
installed size is 17.1Mb
sub-directories of 1Mb or more:
libs 15.7Mb
models 1.3Mb
Flavors: r-devel-linux-x86_64-fedora-clang, r-release-macos-arm64, r-release-macos-x86_64, r-release-windows-ix86+x86_64, r-oldrel-macos-x86_64, r-oldrel-windows-ix86+x86_64