CRAN Package Check Results for Package seqHMM

Last updated on 2021-07-01 01:49:26 CEST.

Flavor Version Tinstall Tcheck Ttotal Status Flags
r-devel-linux-x86_64-debian-clang 1.1.0 486.54 655.00 1141.54 OK
r-devel-linux-x86_64-debian-gcc 1.1.0 312.46 326.93 639.39 OK
r-devel-linux-x86_64-fedora-clang 1.1.0 1334.62 NOTE
r-devel-linux-x86_64-fedora-gcc 1.1.0 1131.79 OK
r-devel-windows-x86_64 1.1.0 453.00 459.00 912.00 NOTE
r-devel-windows-x86_64-gcc10-UCRT 1.1.0 OK
r-patched-linux-x86_64 1.1.0 384.05 428.59 812.64 OK
r-patched-solaris-x86 1.1.0 1120.00 NOTE
r-release-linux-x86_64 1.1.0 365.87 424.79 790.66 OK
r-release-macos-arm64 1.1.0 NOTE
r-release-macos-x86_64 1.1.0 NOTE
r-release-windows-ix86+x86_64 1.1.0 1089.00 469.00 1558.00 NOTE
r-oldrel-macos-x86_64 1.1.0 NOTE
r-oldrel-windows-ix86+x86_64 1.1.0 977.00 485.00 1462.00 NOTE

Check Details

Version: 1.1.0
Check: installed package size
Result: NOTE
     installed size is 18.4Mb
     sub-directories of 1Mb or more:
     doc 4.0Mb
     libs 13.6Mb
Flavors: r-devel-linux-x86_64-fedora-clang, r-devel-windows-x86_64, r-patched-solaris-x86, r-release-macos-arm64, r-release-macos-x86_64, r-release-windows-ix86+x86_64, r-oldrel-macos-x86_64, r-oldrel-windows-ix86+x86_64