Last updated on 2021-07-01 01:49:26 CEST.
Flavor | Version | Tinstall | Tcheck | Ttotal | Status | Flags |
---|---|---|---|---|---|---|
r-devel-linux-x86_64-debian-clang | 0.1.0 | 4.26 | 44.23 | 48.49 | NOTE | |
r-devel-linux-x86_64-debian-gcc | 0.1.0 | 3.14 | 33.07 | 36.21 | NOTE | |
r-devel-linux-x86_64-fedora-clang | 0.1.0 | 65.96 | NOTE | |||
r-devel-linux-x86_64-fedora-gcc | 0.1.0 | 56.52 | NOTE | |||
r-devel-windows-x86_64 | 0.1.0 | 29.00 | 59.00 | 88.00 | NOTE | |
r-devel-windows-x86_64-gcc10-UCRT | 0.1.0 | NOTE | ||||
r-patched-linux-x86_64 | 0.1.0 | 3.83 | 40.45 | 44.28 | NOTE | |
r-patched-solaris-x86 | 0.1.0 | 83.90 | NOTE | |||
r-release-linux-x86_64 | 0.1.0 | 3.59 | 40.77 | 44.36 | NOTE | |
r-release-macos-arm64 | 0.1.0 | NOTE | ||||
r-release-macos-x86_64 | 0.1.0 | NOTE | ||||
r-release-windows-ix86+x86_64 | 0.1.0 | 11.00 | 55.00 | 66.00 | NOTE | |
r-oldrel-macos-x86_64 | 0.1.0 | OK | ||||
r-oldrel-windows-ix86+x86_64 | 0.1.0 | 11.00 | 61.00 | 72.00 | OK |
Version: 0.1.0
Check: LazyData
Result: NOTE
'LazyData' is specified without a 'data' directory
Flavors: r-devel-linux-x86_64-debian-clang, r-devel-linux-x86_64-debian-gcc, r-devel-linux-x86_64-fedora-clang, r-devel-linux-x86_64-fedora-gcc, r-devel-windows-x86_64, r-devel-windows-x86_64-gcc10-UCRT, r-patched-linux-x86_64, r-patched-solaris-x86, r-release-linux-x86_64, r-release-macos-arm64, r-release-macos-x86_64, r-release-windows-ix86+x86_64