Last updated on 2021-07-01 01:49:26 CEST.
Flavor | Version | Tinstall | Tcheck | Ttotal | Status | Flags |
---|---|---|---|---|---|---|
r-devel-linux-x86_64-debian-clang | 0.1.2 | 7.69 | 64.07 | 71.76 | NOTE | |
r-devel-linux-x86_64-debian-gcc | 0.1.2 | 6.02 | 47.23 | 53.25 | NOTE | |
r-devel-linux-x86_64-fedora-clang | 0.1.2 | 94.84 | NOTE | |||
r-devel-linux-x86_64-fedora-gcc | 0.1.2 | 83.01 | NOTE | |||
r-devel-windows-x86_64 | 0.1.2 | 14.00 | 92.00 | 106.00 | NOTE | |
r-devel-windows-x86_64-gcc10-UCRT | 0.1.2 | NOTE | ||||
r-patched-linux-x86_64 | 0.1.2 | 6.97 | 59.92 | 66.89 | NOTE | |
r-patched-solaris-x86 | 0.1.2 | 117.90 | NOTE | |||
r-release-linux-x86_64 | 0.1.2 | 7.26 | 59.09 | 66.35 | NOTE | |
r-release-macos-arm64 | 0.1.2 | NOTE | ||||
r-release-macos-x86_64 | 0.1.2 | NOTE | ||||
r-release-windows-ix86+x86_64 | 0.1.2 | 18.00 | 80.00 | 98.00 | NOTE | |
r-oldrel-macos-x86_64 | 0.1.2 | OK | ||||
r-oldrel-windows-ix86+x86_64 | 0.1.2 | 18.00 | 71.00 | 89.00 | OK |
Version: 0.1.2
Check: LazyData
Result: NOTE
'LazyData' is specified without a 'data' directory
Flavors: r-devel-linux-x86_64-debian-clang, r-devel-linux-x86_64-debian-gcc, r-devel-linux-x86_64-fedora-clang, r-devel-linux-x86_64-fedora-gcc, r-devel-windows-x86_64, r-devel-windows-x86_64-gcc10-UCRT, r-patched-linux-x86_64, r-patched-solaris-x86, r-release-linux-x86_64, r-release-macos-arm64, r-release-macos-x86_64, r-release-windows-ix86+x86_64