CRAN Package Check Results for Package sigQC

Last updated on 2021-07-01 01:49:26 CEST.

Flavor Version Tinstall Tcheck Ttotal Status Flags
r-devel-linux-x86_64-debian-clang 0.1.22 7.99 57.80 65.79 OK
r-devel-linux-x86_64-debian-gcc 0.1.22 5.77 43.26 49.03 OK
r-devel-linux-x86_64-fedora-clang 0.1.22 85.31 NOTE
r-devel-linux-x86_64-fedora-gcc 0.1.22 74.66 NOTE
r-devel-windows-x86_64 0.1.22 18.00 75.00 93.00 OK
r-devel-windows-x86_64-gcc10-UCRT 0.1.22 NOTE
r-patched-linux-x86_64 0.1.22 5.95 54.47 60.42 OK
r-patched-solaris-x86 0.1.22 108.40 NOTE
r-release-linux-x86_64 0.1.22 6.30 54.26 60.56 OK
r-release-macos-arm64 0.1.22 ERROR
r-release-macos-x86_64 0.1.22 ERROR
r-release-windows-ix86+x86_64 0.1.22 14.00 67.00 81.00 OK
r-oldrel-macos-x86_64 0.1.22 ERROR
r-oldrel-windows-ix86+x86_64 0.1.22 12.00 70.00 82.00 OK

Check Details

Version: 0.1.22
Check: dependencies in R code
Result: NOTE
    Namespaces in Imports field not imported from:
     ‘KernSmooth’ ‘MASS’ ‘class’ ‘cluster’ ‘lattice’ ‘nnet’
     All declared Imports should be used.
Flavors: r-devel-linux-x86_64-fedora-clang, r-devel-linux-x86_64-fedora-gcc, r-devel-windows-x86_64-gcc10-UCRT, r-patched-solaris-x86

Version: 0.1.22
Check: package dependencies
Result: ERROR
    Packages required but not available: 'ComplexHeatmap', 'RankProd', 'GSVA'
    
    See section ‘The DESCRIPTION file’ in the ‘Writing R Extensions’
    manual.
Flavor: r-release-macos-arm64

Version: 0.1.22
Check: package dependencies
Result: ERROR
    Package required but not available: ‘RankProd’
    
    See section ‘The DESCRIPTION file’ in the ‘Writing R Extensions’
    manual.
Flavors: r-release-macos-x86_64, r-oldrel-macos-x86_64