Last updated on 2021-07-01 01:49:26 CEST.
Flavor | Version | Tinstall | Tcheck | Ttotal | Status | Flags |
---|---|---|---|---|---|---|
r-devel-linux-x86_64-debian-clang | 1.0.1 | 87.71 | 70.14 | 157.85 | NOTE | |
r-devel-linux-x86_64-debian-gcc | 1.0.1 | 64.24 | 51.95 | 116.19 | NOTE | |
r-devel-linux-x86_64-fedora-clang | 1.0.1 | 220.05 | NOTE | |||
r-devel-linux-x86_64-fedora-gcc | 1.0.1 | 203.36 | NOTE | |||
r-devel-windows-x86_64 | 1.0.1 | 79.00 | 106.00 | 185.00 | NOTE | |
r-devel-windows-x86_64-gcc10-UCRT | 1.0.1 | NOTE | ||||
r-patched-linux-x86_64 | 1.0.1 | 72.35 | 65.87 | 138.22 | NOTE | |
r-patched-solaris-x86 | 1.0.1 | 188.80 | NOTE | |||
r-release-linux-x86_64 | 1.0.1 | 71.02 | 66.83 | 137.85 | NOTE | |
r-release-macos-arm64 | 1.0.1 | NOTE | ||||
r-release-macos-x86_64 | 1.0.1 | NOTE | ||||
r-release-windows-ix86+x86_64 | 1.0.1 | 144.00 | 119.00 | 263.00 | NOTE | |
r-oldrel-macos-x86_64 | 1.0.1 | NOTE | ||||
r-oldrel-windows-ix86+x86_64 | 1.0.1 | 181.00 | 105.00 | 286.00 | OK |
Version: 1.0.1
Check: LazyData
Result: NOTE
'LazyData' is specified without a 'data' directory
Flavors: r-devel-linux-x86_64-debian-clang, r-devel-linux-x86_64-debian-gcc, r-devel-linux-x86_64-fedora-clang, r-devel-linux-x86_64-fedora-gcc, r-devel-windows-x86_64, r-devel-windows-x86_64-gcc10-UCRT, r-patched-linux-x86_64, r-patched-solaris-x86, r-release-linux-x86_64, r-release-macos-arm64, r-release-macos-x86_64, r-release-windows-ix86+x86_64
Version: 1.0.1
Check: installed package size
Result: NOTE
installed size is 9.0Mb
sub-directories of 1Mb or more:
libs 8.2Mb
Flavors: r-devel-linux-x86_64-fedora-clang, r-release-macos-arm64, r-release-macos-x86_64, r-oldrel-macos-x86_64