Last updated on 2021-07-01 01:49:26 CEST.
Flavor | Version | Tinstall | Tcheck | Ttotal | Status | Flags |
---|---|---|---|---|---|---|
r-devel-linux-x86_64-debian-clang | 0.0.1 | 54.97 | 65.18 | 120.15 | OK | |
r-devel-linux-x86_64-debian-gcc | 0.0.1 | 36.30 | 48.61 | 84.91 | OK | |
r-devel-linux-x86_64-fedora-clang | 0.0.1 | 166.66 | NOTE | |||
r-devel-linux-x86_64-fedora-gcc | 0.0.1 | 146.13 | NOTE | |||
r-devel-windows-x86_64 | 0.0.1 | 50.00 | 90.00 | 140.00 | OK | |
r-devel-windows-x86_64-gcc10-UCRT | 0.0.1 | NOTE | ||||
r-patched-linux-x86_64 | 0.0.1 | 44.96 | 59.81 | 104.77 | OK | |
r-patched-solaris-x86 | 0.0.1 | 28.90 | ERROR | |||
r-release-linux-x86_64 | 0.0.1 | 43.80 | 59.81 | 103.61 | OK | |
r-release-macos-arm64 | 0.0.1 | NOTE | ||||
r-release-macos-x86_64 | 0.0.1 | NOTE | ||||
r-release-windows-ix86+x86_64 | 0.0.1 | 126.00 | 112.00 | 238.00 | OK | |
r-oldrel-macos-x86_64 | 0.0.1 | NOTE | ||||
r-oldrel-windows-ix86+x86_64 | 0.0.1 | 127.00 | 105.00 | 232.00 | OK |
Version: 0.0.1
Check: dependencies in R code
Result: NOTE
Namespace in Imports field not imported from: ‘libgeos’
All declared Imports should be used.
Flavors: r-devel-linux-x86_64-fedora-clang, r-devel-linux-x86_64-fedora-gcc, r-devel-windows-x86_64-gcc10-UCRT, r-release-macos-arm64, r-release-macos-x86_64, r-oldrel-macos-x86_64
Version: 0.0.1
Check: whether package can be installed
Result: ERROR
Installation failed.
Flavor: r-patched-solaris-x86