Last updated on 2021-07-01 01:49:26 CEST.
Flavor | Version | Tinstall | Tcheck | Ttotal | Status | Flags |
---|---|---|---|---|---|---|
r-devel-linux-x86_64-debian-clang | 1.0.3 | 4.28 | 49.15 | 53.43 | NOTE | |
r-devel-linux-x86_64-debian-gcc | 1.0.3 | 3.03 | 37.16 | 40.19 | NOTE | |
r-devel-linux-x86_64-fedora-clang | 1.0.3 | 71.19 | NOTE | |||
r-devel-linux-x86_64-fedora-gcc | 1.0.3 | 61.39 | NOTE | |||
r-devel-windows-x86_64 | 1.0.3 | 5.00 | 69.00 | 74.00 | NOTE | |
r-devel-windows-x86_64-gcc10-UCRT | 1.0.3 | NOTE | ||||
r-patched-linux-x86_64 | 1.0.3 | 3.82 | 46.68 | 50.50 | NOTE | |
r-patched-solaris-x86 | 1.0.3 | 86.00 | NOTE | |||
r-release-linux-x86_64 | 1.0.3 | 3.68 | 46.53 | 50.21 | NOTE | |
r-release-macos-arm64 | 1.0.3 | NOTE | ||||
r-release-macos-x86_64 | 1.0.3 | NOTE | ||||
r-release-windows-ix86+x86_64 | 1.0.3 | 18.00 | 63.00 | 81.00 | NOTE | |
r-oldrel-macos-x86_64 | 1.0.3 | OK | ||||
r-oldrel-windows-ix86+x86_64 | 1.0.3 | 8.00 | 79.00 | 87.00 | OK |
Version: 1.0.3
Check: LazyData
Result: NOTE
'LazyData' is specified without a 'data' directory
Flavors: r-devel-linux-x86_64-debian-clang, r-devel-linux-x86_64-debian-gcc, r-devel-linux-x86_64-fedora-clang, r-devel-linux-x86_64-fedora-gcc, r-devel-windows-x86_64, r-devel-windows-x86_64-gcc10-UCRT, r-patched-linux-x86_64, r-patched-solaris-x86, r-release-linux-x86_64, r-release-macos-arm64, r-release-macos-x86_64, r-release-windows-ix86+x86_64