Last updated on 2021-07-01 01:49:26 CEST.
Flavor | Version | Tinstall | Tcheck | Ttotal | Status | Flags |
---|---|---|---|---|---|---|
r-devel-linux-x86_64-debian-clang | 0.1-48 | 6.48 | 41.85 | 48.33 | OK | |
r-devel-linux-x86_64-debian-gcc | 0.1-48 | 4.98 | 32.50 | 37.48 | OK | |
r-devel-linux-x86_64-fedora-clang | 0.1-48 | 68.87 | OK | |||
r-devel-linux-x86_64-fedora-gcc | 0.1-48 | 58.98 | OK | |||
r-devel-windows-x86_64 | 0.1-48 | 11.00 | 54.00 | 65.00 | OK | |
r-devel-windows-x86_64-gcc10-UCRT | 0.1-48 | FAIL | ||||
r-patched-linux-x86_64 | 0.1-48 | 6.24 | 40.63 | 46.87 | OK | |
r-patched-solaris-x86 | 0.1-48 | 86.90 | OK | |||
r-release-linux-x86_64 | 0.1-48 | 5.98 | 40.87 | 46.85 | OK | |
r-release-macos-arm64 | 0.1-48 | OK | ||||
r-release-macos-x86_64 | 0.1-48 | OK | ||||
r-release-windows-ix86+x86_64 | 0.1-48 | 15.00 | 57.00 | 72.00 | OK | |
r-oldrel-macos-x86_64 | 0.1-48 | OK | ||||
r-oldrel-windows-ix86+x86_64 | 0.1-48 | 16.00 | 84.00 | 100.00 | OK |
Version: 0.1-48
Check: whether package can be installed
Result: FAIL
Flavor: r-devel-windows-x86_64-gcc10-UCRT