CRAN Package Check Results for Package slider

Last updated on 2021-07-01 01:49:26 CEST.

Flavor Version Tinstall Tcheck Ttotal Status Flags
r-devel-linux-x86_64-debian-clang 0.2.1 9.35 72.88 82.23 NOTE
r-devel-linux-x86_64-debian-gcc 0.2.1 6.07 54.43 60.50 NOTE
r-devel-linux-x86_64-fedora-clang 0.2.1 106.10 NOTE
r-devel-linux-x86_64-fedora-gcc 0.2.1 95.82 NOTE
r-devel-windows-x86_64 0.2.1 14.00 95.00 109.00 NOTE
r-devel-windows-x86_64-gcc10-UCRT 0.2.1 NOTE
r-patched-linux-x86_64 0.2.1 8.94 69.32 78.26 NOTE
r-patched-solaris-x86 0.2.1 132.50 NOTE
r-release-linux-x86_64 0.2.1 8.16 67.96 76.12 NOTE
r-release-macos-arm64 0.2.1 NOTE
r-release-macos-x86_64 0.2.1 NOTE
r-release-windows-ix86+x86_64 0.2.1 30.00 124.00 154.00 NOTE
r-oldrel-macos-x86_64 0.2.1 OK
r-oldrel-windows-ix86+x86_64 0.2.1 29.00 132.00 161.00 OK

Check Details

Version: 0.2.1
Check: LazyData
Result: NOTE
     'LazyData' is specified without a 'data' directory
Flavors: r-devel-linux-x86_64-debian-clang, r-devel-linux-x86_64-debian-gcc, r-devel-linux-x86_64-fedora-clang, r-devel-linux-x86_64-fedora-gcc, r-devel-windows-x86_64, r-devel-windows-x86_64-gcc10-UCRT, r-patched-linux-x86_64, r-patched-solaris-x86, r-release-linux-x86_64, r-release-macos-arm64, r-release-macos-x86_64, r-release-windows-ix86+x86_64