CRAN Package Check Results for Package slippymath

Last updated on 2021-07-01 01:49:26 CEST.

Flavor Version Tinstall Tcheck Ttotal Status Flags
r-devel-linux-x86_64-debian-clang 0.3.1 2.08 35.49 37.57 NOTE
r-devel-linux-x86_64-debian-gcc 0.3.1 1.84 27.82 29.66 NOTE
r-devel-linux-x86_64-fedora-clang 0.3.1 54.04 NOTE
r-devel-linux-x86_64-fedora-gcc 0.3.1 46.01 NOTE
r-devel-windows-x86_64 0.3.1 4.00 55.00 59.00 NOTE
r-devel-windows-x86_64-gcc10-UCRT 0.3.1 NOTE
r-patched-linux-x86_64 0.3.1 2.72 33.98 36.70 NOTE
r-patched-solaris-x86 0.3.1 67.70 NOTE
r-release-linux-x86_64 0.3.1 2.50 34.41 36.91 NOTE
r-release-macos-arm64 0.3.1 NOTE
r-release-macos-x86_64 0.3.1 NOTE
r-release-windows-ix86+x86_64 0.3.1 5.00 47.00 52.00 NOTE
r-oldrel-macos-x86_64 0.3.1 OK
r-oldrel-windows-ix86+x86_64 0.3.1 5.00 53.00 58.00 OK

Check Details

Version: 0.3.1
Check: LazyData
Result: NOTE
     'LazyData' is specified without a 'data' directory
Flavors: r-devel-linux-x86_64-debian-clang, r-devel-linux-x86_64-debian-gcc, r-devel-linux-x86_64-fedora-clang, r-devel-linux-x86_64-fedora-gcc, r-devel-windows-x86_64, r-devel-windows-x86_64-gcc10-UCRT, r-patched-linux-x86_64, r-patched-solaris-x86, r-release-linux-x86_64, r-release-macos-arm64, r-release-macos-x86_64, r-release-windows-ix86+x86_64