Last updated on 2021-07-01 01:49:26 CEST.
Flavor | Version | Tinstall | Tcheck | Ttotal | Status | Flags |
---|---|---|---|---|---|---|
r-devel-linux-x86_64-debian-clang | 1.1.0 | 30.74 | 63.16 | 93.90 | NOTE | |
r-devel-linux-x86_64-debian-gcc | 1.1.0 | 21.80 | 46.94 | 68.74 | NOTE | |
r-devel-linux-x86_64-fedora-clang | 1.1.0 | 127.06 | NOTE | |||
r-devel-linux-x86_64-fedora-gcc | 1.1.0 | 116.05 | NOTE | |||
r-devel-windows-x86_64 | 1.1.0 | 34.00 | 87.00 | 121.00 | NOTE | |
r-devel-windows-x86_64-gcc10-UCRT | 1.1.0 | NOTE | ||||
r-patched-linux-x86_64 | 1.1.0 | 27.02 | 59.00 | 86.02 | NOTE | |
r-patched-solaris-x86 | 1.1.0 | 147.30 | NOTE | |||
r-release-linux-x86_64 | 1.1.0 | 28.18 | 58.62 | 86.80 | NOTE | |
r-release-macos-arm64 | 1.1.0 | NOTE | ||||
r-release-macos-x86_64 | 1.1.0 | NOTE | ||||
r-release-windows-ix86+x86_64 | 1.1.0 | 78.00 | 129.00 | 207.00 | NOTE | |
r-oldrel-macos-x86_64 | 1.1.0 | OK | ||||
r-oldrel-windows-ix86+x86_64 | 1.1.0 | 81.00 | 127.00 | 208.00 | OK |
Version: 1.1.0
Check: LazyData
Result: NOTE
'LazyData' is specified without a 'data' directory
Flavors: r-devel-linux-x86_64-debian-clang, r-devel-linux-x86_64-debian-gcc, r-devel-linux-x86_64-fedora-clang, r-devel-linux-x86_64-fedora-gcc, r-devel-windows-x86_64, r-devel-windows-x86_64-gcc10-UCRT, r-patched-linux-x86_64, r-patched-solaris-x86, r-release-linux-x86_64, r-release-macos-arm64, r-release-macos-x86_64, r-release-windows-ix86+x86_64