Last updated on 2021-07-01 01:49:26 CEST.
Flavor | Version | Tinstall | Tcheck | Ttotal | Status | Flags |
---|---|---|---|---|---|---|
r-devel-linux-x86_64-debian-clang | 1.6.0.2 | 90.18 | 112.84 | 203.02 | NOTE | |
r-devel-linux-x86_64-debian-gcc | 1.6.0.2 | 61.84 | 83.84 | 145.68 | NOTE | |
r-devel-linux-x86_64-fedora-clang | 1.6.0.2 | 274.26 | NOTE | |||
r-devel-linux-x86_64-fedora-gcc | 1.6.0.2 | 251.91 | NOTE | |||
r-devel-windows-x86_64 | 1.6.0.2 | 106.00 | 139.00 | 245.00 | NOTE | |
r-devel-windows-x86_64-gcc10-UCRT | 1.6.0.2 | NOTE | ||||
r-patched-linux-x86_64 | 1.6.0.2 | 73.45 | 106.33 | 179.78 | NOTE | |
r-patched-solaris-x86 | 1.6.0.2 | 271.10 | NOTE | |||
r-release-linux-x86_64 | 1.6.0.2 | 71.24 | 107.70 | 178.94 | NOTE | |
r-release-macos-arm64 | 1.6.0.2 | NOTE | ||||
r-release-macos-x86_64 | 1.6.0.2 | NOTE | ||||
r-release-windows-ix86+x86_64 | 1.6.0.2 | 212.00 | 175.00 | 387.00 | NOTE | |
r-oldrel-macos-x86_64 | 1.6.0.2 | NOTE | ||||
r-oldrel-windows-ix86+x86_64 | 1.6.0.2 | 205.00 | 161.00 | 366.00 | NOTE |
Version: 1.6.0.2
Check: package dependencies
Result: NOTE
Package suggested but not available for checking: 'rPython'
Flavors: r-devel-linux-x86_64-debian-clang, r-devel-linux-x86_64-debian-gcc, r-devel-linux-x86_64-fedora-clang, r-devel-linux-x86_64-fedora-gcc, r-devel-windows-x86_64, r-devel-windows-x86_64-gcc10-UCRT, r-patched-linux-x86_64, r-patched-solaris-x86, r-release-linux-x86_64, r-release-macos-arm64, r-release-macos-x86_64, r-release-windows-ix86+x86_64, r-oldrel-macos-x86_64, r-oldrel-windows-ix86+x86_64
Version: 1.6.0.2
Check: LazyData
Result: NOTE
'LazyData' is specified without a 'data' directory
Flavors: r-devel-linux-x86_64-debian-clang, r-devel-linux-x86_64-debian-gcc, r-devel-linux-x86_64-fedora-clang, r-devel-linux-x86_64-fedora-gcc, r-devel-windows-x86_64, r-devel-windows-x86_64-gcc10-UCRT, r-patched-linux-x86_64, r-patched-solaris-x86, r-release-linux-x86_64, r-release-macos-arm64, r-release-macos-x86_64, r-release-windows-ix86+x86_64