Last updated on 2021-07-01 01:49:26 CEST.
Flavor | Version | Tinstall | Tcheck | Ttotal | Status | Flags |
---|---|---|---|---|---|---|
r-devel-linux-x86_64-debian-clang | 1.2.0 | 8.83 | 75.82 | 84.65 | NOTE | |
r-devel-linux-x86_64-debian-gcc | 1.2.0 | 6.93 | 56.32 | 63.25 | NOTE | |
r-devel-linux-x86_64-fedora-clang | 1.2.0 | 111.63 | NOTE | |||
r-devel-linux-x86_64-fedora-gcc | 1.2.0 | 98.75 | NOTE | |||
r-devel-windows-x86_64 | 1.2.0 | 29.00 | 94.00 | 123.00 | NOTE | |
r-devel-windows-x86_64-gcc10-UCRT | 1.2.0 | NOTE | ||||
r-patched-linux-x86_64 | 1.2.0 | 8.19 | 70.67 | 78.86 | NOTE | |
r-patched-solaris-x86 | 1.2.0 | 144.10 | NOTE | |||
r-release-linux-x86_64 | 1.2.0 | 7.16 | 71.66 | 78.82 | NOTE | |
r-release-macos-arm64 | 1.2.0 | NOTE | ||||
r-release-macos-x86_64 | 1.2.0 | NOTE | ||||
r-release-windows-ix86+x86_64 | 1.2.0 | 22.00 | 88.00 | 110.00 | NOTE | |
r-oldrel-macos-x86_64 | 1.2.0 | OK | ||||
r-oldrel-windows-ix86+x86_64 | 1.2.0 | 20.00 | 79.00 | 99.00 | OK |
Version: 1.2.0
Check: LazyData
Result: NOTE
'LazyData' is specified without a 'data' directory
Flavors: r-devel-linux-x86_64-debian-clang, r-devel-linux-x86_64-debian-gcc, r-devel-linux-x86_64-fedora-clang, r-devel-linux-x86_64-fedora-gcc, r-devel-windows-x86_64, r-devel-windows-x86_64-gcc10-UCRT, r-patched-linux-x86_64, r-patched-solaris-x86, r-release-linux-x86_64, r-release-macos-arm64, r-release-macos-x86_64, r-release-windows-ix86+x86_64