Last updated on 2021-07-01 01:49:26 CEST.
Flavor | Version | Tinstall | Tcheck | Ttotal | Status | Flags |
---|---|---|---|---|---|---|
r-devel-linux-x86_64-debian-clang | 0.4-3 | 2.74 | 26.51 | 29.25 | NOTE | |
r-devel-linux-x86_64-debian-gcc | 0.4-3 | 2.38 | 20.40 | 22.78 | NOTE | |
r-devel-linux-x86_64-fedora-clang | 0.4-3 | 45.90 | NOTE | |||
r-devel-linux-x86_64-fedora-gcc | 0.4-3 | 35.14 | NOTE | |||
r-devel-windows-x86_64 | 0.4-3 | 6.00 | 36.00 | 42.00 | OK | |
r-devel-windows-x86_64-gcc10-UCRT | 0.4-3 | NOTE | ||||
r-patched-linux-x86_64 | 0.4-3 | 3.02 | 25.54 | 28.56 | NOTE | |
r-patched-solaris-x86 | 0.4-3 | 49.10 | NOTE | |||
r-release-linux-x86_64 | 0.4-3 | 2.43 | 25.79 | 28.22 | NOTE | |
r-release-macos-arm64 | 0.4-3 | NOTE | ||||
r-release-macos-x86_64 | 0.4-3 | NOTE | ||||
r-release-windows-ix86+x86_64 | 0.4-3 | 6.00 | 31.00 | 37.00 | OK | |
r-oldrel-macos-x86_64 | 0.4-3 | NOTE | ||||
r-oldrel-windows-ix86+x86_64 | 0.4-3 | 5.00 | 37.00 | 42.00 | OK |
Version: 0.4-3
Check: package dependencies
Result: NOTE
Package suggested but not available for checking: 'nws'
Flavors: r-devel-linux-x86_64-debian-clang, r-devel-linux-x86_64-debian-gcc, r-devel-linux-x86_64-fedora-clang, r-devel-linux-x86_64-fedora-gcc, r-devel-windows-x86_64-gcc10-UCRT, r-patched-linux-x86_64, r-patched-solaris-x86, r-release-linux-x86_64
Version: 0.4-3
Check: package dependencies
Result: NOTE
Package suggested but not available for checking: ‘Rmpi’
Flavors: r-release-macos-arm64, r-release-macos-x86_64, r-oldrel-macos-x86_64