CRAN Package Check Results for Package sp

Last updated on 2021-07-01 01:49:27 CEST.

Flavor Version Tinstall Tcheck Ttotal Status Flags
r-devel-linux-x86_64-debian-clang 1.4-5 22.35 158.27 180.62 OK
r-devel-linux-x86_64-debian-gcc 1.4-5 15.81 119.64 135.45 OK
r-devel-linux-x86_64-fedora-clang 1.4-5 219.76 OK
r-devel-linux-x86_64-fedora-gcc 1.4-5 210.72 OK
r-devel-windows-x86_64 1.4-5 26.00 202.00 228.00 OK
r-devel-windows-x86_64-gcc10-UCRT 1.4-5 OK
r-patched-linux-x86_64 1.4-5 20.42 151.51 171.93 OK
r-patched-solaris-x86 1.4-5 276.00 OK
r-release-linux-x86_64 1.4-5 20.21 151.14 171.35 OK
r-release-macos-arm64 1.4-5 NOTE
r-release-macos-x86_64 1.4-5 OK
r-release-windows-ix86+x86_64 1.4-5 32.00 246.00 278.00 OK
r-oldrel-macos-x86_64 1.4-5 OK
r-oldrel-windows-ix86+x86_64 1.4-5 39.00 268.00 307.00 OK

Check Details

Version: 1.4-5
Check: package dependencies
Result: NOTE
    Package suggested but not available for checking: ‘rgdal’
Flavor: r-release-macos-arm64

Version: 1.4-5
Check: Rd cross-references
Result: NOTE
    Package unavailable to check Rd xrefs: ‘rgdal’
Flavor: r-release-macos-arm64