Last updated on 2021-07-01 01:49:27 CEST.
Flavor | Version | Tinstall | Tcheck | Ttotal | Status | Flags |
---|---|---|---|---|---|---|
r-devel-linux-x86_64-debian-clang | 1.1 | 257.80 | 86.77 | 344.57 | OK | |
r-devel-linux-x86_64-debian-gcc | 1.1 | 174.57 | 64.77 | 239.34 | OK | |
r-devel-linux-x86_64-fedora-clang | 1.1 | 476.64 | NOTE | |||
r-devel-linux-x86_64-fedora-gcc | 1.1 | 433.47 | OK | |||
r-devel-windows-x86_64 | 1.1 | 219.00 | 116.00 | 335.00 | OK | |
r-devel-windows-x86_64-gcc10-UCRT | 1.1 | OK | ||||
r-patched-linux-x86_64 | 1.1 | 196.45 | 81.05 | 277.50 | OK | |
r-patched-solaris-x86 | 1.1 | 415.00 | OK | |||
r-release-linux-x86_64 | 1.1 | 193.16 | 82.29 | 275.45 | OK | |
r-release-macos-arm64 | 1.1 | NOTE | ||||
r-release-macos-x86_64 | 1.1 | NOTE | ||||
r-release-windows-ix86+x86_64 | 1.1 | 523.00 | 131.00 | 654.00 | NOTE | |
r-oldrel-macos-x86_64 | 1.1 | NOTE | ||||
r-oldrel-windows-ix86+x86_64 | 1.1 | 568.00 | 123.00 | 691.00 | NOTE |
Version: 1.1
Check: installed package size
Result: NOTE
installed size is 12.4Mb
sub-directories of 1Mb or more:
data 2.3Mb
libs 9.5Mb
Flavors: r-devel-linux-x86_64-fedora-clang, r-release-macos-arm64, r-release-macos-x86_64, r-release-windows-ix86+x86_64, r-oldrel-macos-x86_64, r-oldrel-windows-ix86+x86_64