CRAN Package Check Results for Package spMaps

Last updated on 2021-07-01 01:49:27 CEST.

Flavor Version Tinstall Tcheck Ttotal Status Flags
r-devel-linux-x86_64-debian-clang 0.4.0 15.33 92.86 108.19 NOTE
r-devel-linux-x86_64-debian-gcc 0.4.0 11.46 70.21 81.67 NOTE
r-devel-linux-x86_64-fedora-clang 0.4.0 131.74 NOTE
r-devel-linux-x86_64-fedora-gcc 0.4.0 124.73 NOTE
r-devel-windows-x86_64 0.4.0 14.00 109.00 123.00 NOTE
r-devel-windows-x86_64-gcc10-UCRT 0.4.0 NOTE
r-patched-linux-x86_64 0.4.0 13.82 88.05 101.87 NOTE
r-patched-solaris-x86 0.4.0 189.20 NOTE
r-release-linux-x86_64 0.4.0 13.39 89.16 102.55 NOTE
r-release-macos-arm64 0.4.0 NOTE
r-release-macos-x86_64 0.4.0 NOTE
r-release-windows-ix86+x86_64 0.4.0 21.00 113.00 134.00 NOTE
r-oldrel-macos-x86_64 0.4.0 OK
r-oldrel-windows-ix86+x86_64 0.4.0 26.00 92.00 118.00 OK

Check Details

Version: 0.4.0
Check: LazyData
Result: NOTE
     'LazyData' is specified without a 'data' directory
Flavors: r-devel-linux-x86_64-debian-clang, r-devel-linux-x86_64-debian-gcc, r-devel-linux-x86_64-fedora-clang, r-devel-linux-x86_64-fedora-gcc, r-devel-windows-x86_64, r-devel-windows-x86_64-gcc10-UCRT, r-patched-linux-x86_64, r-patched-solaris-x86, r-release-linux-x86_64, r-release-macos-arm64, r-release-macos-x86_64, r-release-windows-ix86+x86_64

Version: 0.4.0
Check: package dependencies
Result: NOTE
    Package suggested but not available for checking: ‘antaresViz’
Flavor: r-release-macos-arm64

Version: 0.4.0
Check: Rd cross-references
Result: NOTE
    Package unavailable to check Rd xrefs: ‘antaresViz’
Flavor: r-release-macos-arm64