Last updated on 2021-07-01 01:49:27 CEST.
Flavor | Version | Tinstall | Tcheck | Ttotal | Status | Flags |
---|---|---|---|---|---|---|
r-devel-linux-x86_64-debian-clang | 0.1.1 | 3.02 | 51.63 | 54.65 | NOTE | |
r-devel-linux-x86_64-debian-gcc | 0.1.1 | 2.54 | 40.15 | 42.69 | NOTE | |
r-devel-linux-x86_64-fedora-clang | 0.1.1 | 77.36 | NOTE | |||
r-devel-linux-x86_64-fedora-gcc | 0.1.1 | 65.38 | NOTE | |||
r-devel-windows-x86_64 | 0.1.1 | 27.00 | 80.00 | 107.00 | NOTE | |
r-devel-windows-x86_64-gcc10-UCRT | 0.1.1 | NOTE | ||||
r-patched-linux-x86_64 | 0.1.1 | 3.39 | 51.40 | 54.79 | NOTE | |
r-patched-solaris-x86 | 0.1.1 | 113.10 | NOTE | |||
r-release-linux-x86_64 | 0.1.1 | 3.39 | 50.33 | 53.72 | NOTE | |
r-release-macos-arm64 | 0.1.1 | NOTE | ||||
r-release-macos-x86_64 | 0.1.1 | NOTE | ||||
r-release-windows-ix86+x86_64 | 0.1.1 | 7.00 | 80.00 | 87.00 | NOTE | |
r-oldrel-macos-x86_64 | 0.1.1 | NOTE | ||||
r-oldrel-windows-ix86+x86_64 | 0.1.1 | 10.00 | 82.00 | 92.00 | OK |
Version: 0.1.1
Check: LazyData
Result: NOTE
'LazyData' is specified without a 'data' directory
Flavors: r-devel-linux-x86_64-debian-clang, r-devel-linux-x86_64-debian-gcc, r-devel-linux-x86_64-fedora-clang, r-devel-linux-x86_64-fedora-gcc, r-devel-windows-x86_64, r-devel-windows-x86_64-gcc10-UCRT, r-patched-linux-x86_64, r-patched-solaris-x86, r-release-linux-x86_64, r-release-macos-arm64, r-release-macos-x86_64, r-release-windows-ix86+x86_64
Version: 0.1.1
Check: dependencies in R code
Result: NOTE
Namespace in Imports field not imported from: ‘rgdal’
All declared Imports should be used.
Flavors: r-devel-linux-x86_64-fedora-clang, r-devel-linux-x86_64-fedora-gcc, r-devel-windows-x86_64-gcc10-UCRT, r-patched-solaris-x86, r-release-macos-arm64, r-release-macos-x86_64, r-oldrel-macos-x86_64