CRAN Package Check Results for Package sparr

Last updated on 2021-07-01 01:49:27 CEST.

Flavor Version Tinstall Tcheck Ttotal Status Flags
r-devel-linux-x86_64-debian-clang 2.2-15 18.96 128.51 147.47 OK
r-devel-linux-x86_64-debian-gcc 2.2-15 14.77 96.84 111.61 OK
r-devel-linux-x86_64-fedora-clang 2.2-15 185.32 NOTE
r-devel-linux-x86_64-fedora-gcc 2.2-15 176.63 OK
r-devel-windows-x86_64 2.2-15 37.00 148.00 185.00 OK
r-devel-windows-x86_64-gcc10-UCRT 2.2-15 OK
r-patched-linux-x86_64 2.2-15 22.42 123.51 145.93 OK
r-patched-solaris-x86 2.2-15 252.20 OK
r-release-linux-x86_64 2.2-15 17.53 121.88 139.41 OK
r-release-macos-arm64 2.2-15 OK
r-release-macos-x86_64 2.2-15 OK
r-release-windows-ix86+x86_64 2.2-15 45.00 146.00 191.00 OK
r-oldrel-macos-x86_64 2.2-15 OK
r-oldrel-windows-ix86+x86_64 2.2-15 29.00 141.00 170.00 OK

Check Details

Version: 2.2-15
Check: Rd cross-references
Result: NOTE
    Undeclared packages ‘splancs’, ‘spatstat.data’ in Rd xrefs
Flavor: r-devel-linux-x86_64-fedora-clang