Last updated on 2021-07-01 01:49:27 CEST.
Flavor | Version | Tinstall | Tcheck | Ttotal | Status | Flags |
---|---|---|---|---|---|---|
r-devel-linux-x86_64-debian-clang | 1.0.0 | 9.41 | 309.51 | 318.92 | OK | |
r-devel-linux-x86_64-debian-gcc | 1.0.0 | 6.60 | 225.34 | 231.94 | OK | |
r-devel-linux-x86_64-fedora-clang | 1.0.0 | 254.47 | NOTE | |||
r-devel-linux-x86_64-fedora-gcc | 1.0.0 | 242.77 | NOTE | |||
r-devel-windows-x86_64 | 1.0.0 | 31.00 | 356.00 | 387.00 | OK | |
r-devel-windows-x86_64-gcc10-UCRT | 1.0.0 | NOTE | ||||
r-patched-linux-x86_64 | 1.0.0 | 7.93 | 306.07 | 314.00 | OK | |
r-patched-solaris-x86 | 1.0.0 | 393.20 | NOTE | |||
r-release-linux-x86_64 | 1.0.0 | 8.34 | 299.38 | 307.72 | OK | |
r-release-macos-arm64 | 1.0.0 | NOTE | ||||
r-release-macos-x86_64 | 1.0.0 | NOTE | ||||
r-release-windows-ix86+x86_64 | 1.0.0 | 20.00 | 332.00 | 352.00 | OK | |
r-oldrel-macos-x86_64 | 1.0.0 | NOTE | ||||
r-oldrel-windows-ix86+x86_64 | 1.0.0 | 20.00 | 307.00 | 327.00 | OK |
Version: 1.0.0
Check: dependencies in R code
Result: NOTE
Namespaces in Imports field not imported from:
‘tibble’ ‘viridisLite’
All declared Imports should be used.
Flavors: r-devel-linux-x86_64-fedora-clang, r-devel-linux-x86_64-fedora-gcc, r-devel-windows-x86_64-gcc10-UCRT, r-patched-solaris-x86, r-release-macos-arm64, r-release-macos-x86_64, r-oldrel-macos-x86_64
Version: 1.0.0
Check: data for non-ASCII characters
Result: NOTE
Note: found 2 marked UTF-8 strings
Flavors: r-devel-linux-x86_64-fedora-clang, r-devel-linux-x86_64-fedora-gcc, r-devel-windows-x86_64-gcc10-UCRT, r-patched-solaris-x86, r-release-macos-arm64, r-release-macos-x86_64, r-oldrel-macos-x86_64