Last updated on 2021-07-01 01:49:27 CEST.
Flavor | Version | Tinstall | Tcheck | Ttotal | Status | Flags |
---|---|---|---|---|---|---|
r-devel-linux-x86_64-debian-clang | 0.6.9 | 47.39 | 168.33 | 215.72 | OK | |
r-devel-linux-x86_64-debian-gcc | 0.6.9 | 32.44 | 126.14 | 158.58 | OK | |
r-devel-linux-x86_64-fedora-clang | 0.6.9 | 213.82 | NOTE | |||
r-devel-linux-x86_64-fedora-gcc | 0.6.9 | 250.75 | NOTE | |||
r-devel-windows-x86_64 | 0.6.9 | 58.00 | 208.00 | 266.00 | NOTE | |
r-devel-windows-x86_64-gcc10-UCRT | 0.6.9 | NOTE | ||||
r-patched-linux-x86_64 | 0.6.9 | 38.60 | 160.60 | 199.20 | OK | |
r-patched-solaris-x86 | 0.6.9 | 316.90 | NOTE | |||
r-release-linux-x86_64 | 0.6.9 | 37.85 | 159.42 | 197.27 | OK | |
r-release-macos-arm64 | 0.6.9 | NOTE | ||||
r-release-macos-x86_64 | 0.6.9 | NOTE | ||||
r-release-windows-ix86+x86_64 | 0.6.9 | 110.00 | 293.00 | 403.00 | NOTE | |
r-oldrel-macos-x86_64 | 0.6.9 | NOTE | ||||
r-oldrel-windows-ix86+x86_64 | 0.6.9 | 104.00 | 248.00 | 352.00 | NOTE |
Version: 0.6.9
Check: installed package size
Result: NOTE
installed size is 5.9Mb
sub-directories of 1Mb or more:
data 3.0Mb
help 1.7Mb
libs 1.1Mb
Flavors: r-devel-linux-x86_64-fedora-clang, r-devel-windows-x86_64, r-patched-solaris-x86, r-release-macos-arm64, r-release-macos-x86_64, r-release-windows-ix86+x86_64, r-oldrel-macos-x86_64, r-oldrel-windows-ix86+x86_64
Version: 0.6.9
Check: data for non-ASCII characters
Result: NOTE
Note: found 281 marked UTF-8 strings
Flavors: r-devel-linux-x86_64-fedora-clang, r-devel-linux-x86_64-fedora-gcc, r-devel-windows-x86_64-gcc10-UCRT, r-patched-solaris-x86, r-release-macos-arm64, r-release-macos-x86_64, r-oldrel-macos-x86_64