CRAN Package Check Results for Package splitTools

Last updated on 2021-07-01 01:49:27 CEST.

Flavor Version Tinstall Tcheck Ttotal Status Flags
r-devel-linux-x86_64-debian-clang 0.3.1 2.11 44.35 46.46 NOTE
r-devel-linux-x86_64-debian-gcc 0.3.1 1.60 33.60 35.20 NOTE
r-devel-linux-x86_64-fedora-clang 0.3.1 62.04 NOTE
r-devel-linux-x86_64-fedora-gcc 0.3.1 51.44 NOTE
r-devel-windows-x86_64 0.3.1 3.00 53.00 56.00 NOTE
r-devel-windows-x86_64-gcc10-UCRT 0.3.1 NOTE
r-patched-linux-x86_64 0.3.1 1.87 41.04 42.91 NOTE
r-patched-solaris-x86 0.3.1 238.70 NOTE
r-release-linux-x86_64 0.3.1 1.75 41.57 43.32 NOTE
r-release-macos-arm64 0.3.1 NOTE
r-release-macos-x86_64 0.3.1 NOTE
r-release-windows-ix86+x86_64 0.3.1 4.00 48.00 52.00 NOTE
r-oldrel-macos-x86_64 0.3.1 OK
r-oldrel-windows-ix86+x86_64 0.3.1 4.00 50.00 54.00 OK

Check Details

Version: 0.3.1
Check: LazyData
Result: NOTE
     'LazyData' is specified without a 'data' directory
Flavors: r-devel-linux-x86_64-debian-clang, r-devel-linux-x86_64-debian-gcc, r-devel-linux-x86_64-fedora-clang, r-devel-linux-x86_64-fedora-gcc, r-devel-windows-x86_64, r-devel-windows-x86_64-gcc10-UCRT, r-patched-linux-x86_64, r-patched-solaris-x86, r-release-linux-x86_64, r-release-macos-arm64, r-release-macos-x86_64, r-release-windows-ix86+x86_64