CRAN Package Check Results for Package sta

Last updated on 2021-07-01 01:49:27 CEST.

Flavor Version Tinstall Tcheck Ttotal Status Flags
r-devel-linux-x86_64-debian-clang 0.1.5 13.69 125.38 139.07 OK
r-devel-linux-x86_64-debian-gcc 0.1.5 11.38 92.69 104.07 OK
r-devel-linux-x86_64-fedora-clang 0.1.5 174.96 NOTE
r-devel-linux-x86_64-fedora-gcc 0.1.5 162.27 NOTE
r-devel-windows-x86_64 0.1.5 16.00 138.00 154.00 OK
r-devel-windows-x86_64-gcc10-UCRT 0.1.5 NOTE
r-patched-linux-x86_64 0.1.5 11.76 116.42 128.18 OK
r-patched-solaris-x86 0.1.5 226.70 NOTE
r-release-linux-x86_64 0.1.5 11.20 116.19 127.39 OK
r-release-macos-arm64 0.1.5 NOTE
r-release-macos-x86_64 0.1.5 NOTE
r-release-windows-ix86+x86_64 0.1.5 34.00 121.00 155.00 OK
r-oldrel-macos-x86_64 0.1.5 NOTE
r-oldrel-windows-ix86+x86_64 0.1.5 34.00 117.00 151.00 OK

Check Details

Version: 0.1.5
Check: dependencies in R code
Result: NOTE
    Namespaces in Imports field not imported from:
     ‘iterators’ ‘methods’ ‘rgdal’
     All declared Imports should be used.
Flavors: r-devel-linux-x86_64-fedora-clang, r-devel-linux-x86_64-fedora-gcc, r-devel-windows-x86_64-gcc10-UCRT, r-patched-solaris-x86, r-release-macos-arm64, r-release-macos-x86_64, r-oldrel-macos-x86_64