Last updated on 2021-07-01 01:49:27 CEST.
Flavor | Version | Tinstall | Tcheck | Ttotal | Status | Flags |
---|---|---|---|---|---|---|
r-devel-linux-x86_64-debian-clang | 1.2.0 | 7.94 | 100.55 | 108.49 | OK | |
r-devel-linux-x86_64-debian-gcc | 1.2.0 | 6.69 | 75.11 | 81.80 | OK | |
r-devel-linux-x86_64-fedora-clang | 1.2.0 | 135.61 | NOTE | |||
r-devel-linux-x86_64-fedora-gcc | 1.2.0 | 127.38 | NOTE | |||
r-devel-windows-x86_64 | 1.2.0 | 32.00 | 134.00 | 166.00 | OK | |
r-devel-windows-x86_64-gcc10-UCRT | 1.2.0 | NOTE | ||||
r-patched-linux-x86_64 | 1.2.0 | 9.31 | 95.57 | 104.88 | OK | |
r-patched-solaris-x86 | 1.2.0 | 165.10 | NOTE | |||
r-release-linux-x86_64 | 1.2.0 | 7.20 | 96.64 | 103.84 | OK | |
r-release-macos-arm64 | 1.2.0 | NOTE | ||||
r-release-macos-x86_64 | 1.2.0 | NOTE | ||||
r-release-windows-ix86+x86_64 | 1.2.0 | 15.00 | 125.00 | 140.00 | OK | |
r-oldrel-macos-x86_64 | 1.2.0 | NOTE | ||||
r-oldrel-windows-ix86+x86_64 | 1.2.0 | 16.00 | 142.00 | 158.00 | OK |
Version: 1.2.0
Check: dependencies in R code
Result: NOTE
Namespaces in Imports field not imported from:
‘pander’ ‘readr’ ‘tidyselect’
All declared Imports should be used.
Flavors: r-devel-linux-x86_64-fedora-clang, r-devel-linux-x86_64-fedora-gcc, r-devel-windows-x86_64-gcc10-UCRT, r-patched-solaris-x86, r-release-macos-arm64, r-release-macos-x86_64, r-oldrel-macos-x86_64