CRAN Package Check Results for Package statgenGxE

Last updated on 2021-07-01 01:49:27 CEST.

Flavor Version Tinstall Tcheck Ttotal Status Flags
r-devel-linux-x86_64-debian-clang 1.0.4 10.62 185.65 196.27 NOTE
r-devel-linux-x86_64-debian-gcc 1.0.4 8.10 133.91 142.01 NOTE
r-devel-linux-x86_64-fedora-clang 1.0.4 236.03 NOTE
r-devel-linux-x86_64-fedora-gcc 1.0.4 222.18 NOTE
r-devel-windows-x86_64 1.0.4 21.00 228.00 249.00 NOTE
r-devel-windows-x86_64-gcc10-UCRT 1.0.4 NOTE
r-patched-linux-x86_64 1.0.4 15.58 173.64 189.22 NOTE
r-patched-solaris-x86 1.0.4 357.80 NOTE
r-release-linux-x86_64 1.0.4 9.58 171.08 180.66 NOTE
r-release-macos-arm64 1.0.4 NOTE
r-release-macos-x86_64 1.0.4 NOTE
r-release-windows-ix86+x86_64 1.0.4 22.00 224.00 246.00 NOTE
r-oldrel-macos-x86_64 1.0.4 NOTE
r-oldrel-windows-ix86+x86_64 1.0.4 21.00 183.00 204.00 NOTE

Check Details

Version: 1.0.4
Check: package dependencies
Result: NOTE
    Package suggested but not available for checking: 'asreml'
Flavors: r-devel-linux-x86_64-debian-clang, r-devel-linux-x86_64-debian-gcc, r-devel-linux-x86_64-fedora-clang, r-devel-linux-x86_64-fedora-gcc, r-devel-windows-x86_64, r-devel-windows-x86_64-gcc10-UCRT, r-patched-linux-x86_64, r-patched-solaris-x86, r-release-linux-x86_64, r-release-macos-arm64, r-release-macos-x86_64, r-release-windows-ix86+x86_64, r-oldrel-macos-x86_64, r-oldrel-windows-ix86+x86_64