CRAN Package Check Results for Package statnipokladna

Last updated on 2021-07-01 01:49:27 CEST.

Flavor Version Tinstall Tcheck Ttotal Status Flags
r-devel-linux-x86_64-debian-clang 0.7.0 5.11 50.11 55.22 OK
r-devel-linux-x86_64-debian-gcc 0.7.0 3.62 37.87 41.49 OK
r-devel-linux-x86_64-fedora-clang 0.7.0 75.57 NOTE
r-devel-linux-x86_64-fedora-gcc 0.7.0 64.39 NOTE
r-devel-windows-x86_64 0.7.0 16.00 72.00 88.00 OK
r-devel-windows-x86_64-gcc10-UCRT 0.7.0 NOTE
r-patched-linux-x86_64 0.7.0 5.29 47.02 52.31 OK
r-patched-solaris-x86 0.7.0 96.00 NOTE
r-release-linux-x86_64 0.7.0 3.81 46.54 50.35 OK
r-release-macos-arm64 0.7.0 NOTE
r-release-macos-x86_64 0.7.0 NOTE
r-release-windows-ix86+x86_64 0.7.0 11.00 66.00 77.00 OK
r-oldrel-macos-x86_64 0.7.0 NOTE
r-oldrel-windows-ix86+x86_64 0.7.0 11.00 73.00 84.00 OK

Check Details

Version: 0.7.0
Check: dependencies in R code
Result: NOTE
    Namespace in Imports field not imported from: ‘tidyselect’
     All declared Imports should be used.
Flavors: r-devel-linux-x86_64-fedora-clang, r-devel-linux-x86_64-fedora-gcc, r-devel-windows-x86_64-gcc10-UCRT, r-patched-solaris-x86, r-release-macos-arm64, r-release-macos-x86_64, r-oldrel-macos-x86_64

Version: 0.7.0
Check: data for non-ASCII characters
Result: NOTE
     Note: found 52 marked UTF-8 strings
Flavors: r-devel-linux-x86_64-fedora-clang, r-devel-linux-x86_64-fedora-gcc, r-devel-windows-x86_64-gcc10-UCRT, r-patched-solaris-x86, r-release-macos-arm64, r-release-macos-x86_64, r-oldrel-macos-x86_64