CRAN Package Check Results for Package stcos

Last updated on 2021-07-01 01:49:27 CEST.

Flavor Version Tinstall Tcheck Ttotal Status Flags
r-devel-linux-x86_64-debian-clang 0.3.0 97.86 115.81 213.67 OK
r-devel-linux-x86_64-debian-gcc 0.3.0 65.56 88.47 154.03 OK
r-devel-linux-x86_64-fedora-clang 0.3.0 293.77 NOTE
r-devel-linux-x86_64-fedora-gcc 0.3.0 258.31 OK
r-devel-windows-x86_64 0.3.0 105.00 144.00 249.00 OK
r-devel-windows-x86_64-gcc10-UCRT 0.3.0 OK
r-patched-linux-x86_64 0.3.0 76.02 108.43 184.45 OK
r-patched-solaris-x86 0.3.0 307.80 OK
r-release-linux-x86_64 0.3.0 79.47 109.23 188.70 OK
r-release-macos-arm64 0.3.0 NOTE
r-release-macos-x86_64 0.3.0 NOTE
r-release-windows-ix86+x86_64 0.3.0 197.00 198.00 395.00 NOTE
r-oldrel-macos-x86_64 0.3.0 NOTE
r-oldrel-windows-ix86+x86_64 0.3.0 220.00 170.00 390.00 NOTE

Check Details

Version: 0.3.0
Check: installed package size
Result: NOTE
     installed size is 6.6Mb
     sub-directories of 1Mb or more:
     data 2.3Mb
     libs 4.0Mb
Flavors: r-devel-linux-x86_64-fedora-clang, r-release-macos-arm64, r-release-macos-x86_64, r-release-windows-ix86+x86_64, r-oldrel-macos-x86_64, r-oldrel-windows-ix86+x86_64