Last updated on 2021-07-01 01:49:27 CEST.
Flavor | Version | Tinstall | Tcheck | Ttotal | Status | Flags |
---|---|---|---|---|---|---|
r-devel-linux-x86_64-debian-clang | 2.1-1 | 248.96 | 348.42 | 597.38 | OK | |
r-devel-linux-x86_64-debian-gcc | 2.1-1 | 156.86 | 246.48 | 403.34 | OK | |
r-devel-linux-x86_64-fedora-clang | 2.1-1 | 788.88 | NOTE | |||
r-devel-linux-x86_64-fedora-gcc | 2.1-1 | 712.71 | OK | |||
r-devel-windows-x86_64 | 2.1-1 | 230.00 | 413.00 | 643.00 | OK | |
r-devel-windows-x86_64-gcc10-UCRT | 2.1-1 | OK | ||||
r-patched-linux-x86_64 | 2.1-1 | 185.35 | 321.25 | 506.60 | OK | |
r-patched-solaris-x86 | 2.1-1 | 763.50 | OK | |||
r-release-linux-x86_64 | 2.1-1 | 184.15 | 324.96 | 509.11 | OK | |
r-release-macos-arm64 | 2.1-1 | NOTE | ||||
r-release-macos-x86_64 | 2.1-1 | NOTE | ||||
r-release-windows-ix86+x86_64 | 2.1-1 | 417.00 | 581.00 | 998.00 | OK | |
r-oldrel-macos-x86_64 | 2.1-1 | NOTE | ||||
r-oldrel-windows-ix86+x86_64 | 2.1-1 | 556.00 | 668.00 | 1224.00 | OK |
Version: 2.1-1
Check: installed package size
Result: NOTE
installed size is 7.2Mb
sub-directories of 1Mb or more:
libs 6.1Mb
Flavors: r-devel-linux-x86_64-fedora-clang, r-release-macos-arm64, r-release-macos-x86_64, r-oldrel-macos-x86_64