Last updated on 2021-07-01 01:49:28 CEST.
Flavor | Version | Tinstall | Tcheck | Ttotal | Status | Flags |
---|---|---|---|---|---|---|
r-devel-linux-x86_64-debian-clang | 0.1.5 | 8.26 | 49.71 | 57.97 | OK | |
r-devel-linux-x86_64-debian-gcc | 0.1.5 | 7.19 | 38.79 | 45.98 | OK | |
r-devel-linux-x86_64-fedora-clang | 0.1.5 | 78.98 | NOTE | |||
r-devel-linux-x86_64-fedora-gcc | 0.1.5 | 68.85 | NOTE | |||
r-devel-windows-x86_64 | 0.1.5 | 10.00 | 68.00 | 78.00 | NOTE | |
r-devel-windows-x86_64-gcc10-UCRT | 0.1.5 | NOTE | ||||
r-patched-linux-x86_64 | 0.1.5 | 8.36 | 48.12 | 56.48 | OK | |
r-patched-solaris-x86 | 0.1.5 | 106.30 | NOTE | |||
r-release-linux-x86_64 | 0.1.5 | 8.19 | 48.00 | 56.19 | OK | |
r-release-macos-arm64 | 0.1.5 | NOTE | ||||
r-release-macos-x86_64 | 0.1.5 | NOTE | ||||
r-release-windows-ix86+x86_64 | 0.1.5 | 11.00 | 60.00 | 71.00 | NOTE | |
r-oldrel-macos-x86_64 | 0.1.5 | NOTE | ||||
r-oldrel-windows-ix86+x86_64 | 0.1.5 | 15.00 | 70.00 | 85.00 | NOTE |
Version: 0.1.5
Check: installed package size
Result: NOTE
installed size is 5.7Mb
sub-directories of 1Mb or more:
R 2.1Mb
datasets 2.6Mb
Flavors: r-devel-linux-x86_64-fedora-clang, r-devel-windows-x86_64, r-patched-solaris-x86, r-release-macos-arm64, r-release-macos-x86_64, r-release-windows-ix86+x86_64, r-oldrel-macos-x86_64, r-oldrel-windows-ix86+x86_64
Version: 0.1.5
Check: data for non-ASCII characters
Result: NOTE
Note: found 327 marked UTF-8 strings
Flavors: r-devel-linux-x86_64-fedora-clang, r-devel-linux-x86_64-fedora-gcc, r-devel-windows-x86_64-gcc10-UCRT, r-patched-solaris-x86, r-release-macos-arm64, r-release-macos-x86_64, r-oldrel-macos-x86_64