Last updated on 2021-07-01 01:49:28 CEST.
Flavor | Version | Tinstall | Tcheck | Ttotal | Status | Flags |
---|---|---|---|---|---|---|
r-devel-linux-x86_64-debian-clang | 2.0-5 | 27.93 | 184.08 | 212.01 | OK | |
r-devel-linux-x86_64-debian-gcc | 2.0-5 | 22.10 | 139.54 | 161.64 | OK | |
r-devel-linux-x86_64-fedora-clang | 2.0-5 | 262.76 | OK | |||
r-devel-linux-x86_64-fedora-gcc | 2.0-5 | 250.67 | OK | |||
r-devel-windows-x86_64 | 2.0-5 | 43.00 | 188.00 | 231.00 | OK | |
r-devel-windows-x86_64-gcc10-UCRT | 2.0-5 | OK | ||||
r-patched-linux-x86_64 | 2.0-5 | 25.43 | 172.64 | 198.07 | OK | |
r-patched-solaris-x86 | 2.0-5 | 314.70 | OK | |||
r-release-linux-x86_64 | 2.0-5 | 26.02 | 173.62 | 199.64 | OK | |
r-release-macos-arm64 | 2.0-5 | ERROR | ||||
r-release-macos-x86_64 | 2.0-5 | ERROR | ||||
r-release-windows-ix86+x86_64 | 2.0-5 | 62.00 | 236.00 | 298.00 | OK | |
r-oldrel-macos-x86_64 | 2.0-5 | ERROR | ||||
r-oldrel-windows-ix86+x86_64 | 2.0-5 | 61.00 | 211.00 | 272.00 | OK |
Version: 2.0-5
Check: package dependencies
Result: ERROR
Package required but not available: ‘rpanel’
See section ‘The DESCRIPTION file’ in the ‘Writing R Extensions’
manual.
Flavors: r-release-macos-arm64, r-release-macos-x86_64, r-oldrel-macos-x86_64