Last updated on 2021-07-01 01:49:28 CEST.
Flavor | Version | Tinstall | Tcheck | Ttotal | Status | Flags |
---|---|---|---|---|---|---|
r-devel-linux-x86_64-debian-clang | 1.4 | 11.13 | 99.55 | 110.68 | OK | |
r-devel-linux-x86_64-debian-gcc | 1.4 | 10.00 | 74.57 | 84.57 | OK | |
r-devel-linux-x86_64-fedora-clang | 1.4 | 135.01 | OK | |||
r-devel-linux-x86_64-fedora-gcc | 1.4 | 128.90 | OK | |||
r-devel-windows-x86_64 | 1.4 | 26.00 | 119.00 | 145.00 | OK | |
r-devel-windows-x86_64-gcc10-UCRT | 1.4 | OK | ||||
r-patched-linux-x86_64 | 1.4 | 16.92 | 93.58 | 110.50 | OK | |
r-patched-solaris-x86 | 1.4 | 184.00 | OK | |||
r-release-linux-x86_64 | 1.4 | 9.77 | 93.52 | 103.29 | OK | |
r-release-macos-arm64 | 1.4 | NOTE | ||||
r-release-macos-x86_64 | 1.4 | OK | ||||
r-release-windows-ix86+x86_64 | 1.4 | 27.00 | 112.00 | 139.00 | OK | |
r-oldrel-macos-x86_64 | 1.4 | OK | ||||
r-oldrel-windows-ix86+x86_64 | 1.4 | 30.00 | 99.00 | 129.00 | OK |
Version: 1.4
Check: package dependencies
Result: NOTE
Package suggested but not available for checking: ‘spdep’
Flavor: r-release-macos-arm64