CRAN Package Check Results for Package sugarbag

Last updated on 2021-07-01 01:49:28 CEST.

Flavor Version Tinstall Tcheck Ttotal Status Flags
r-devel-linux-x86_64-debian-clang 0.1.3 6.84 118.59 125.43 OK
r-devel-linux-x86_64-debian-gcc 0.1.3 5.47 86.60 92.07 OK
r-devel-linux-x86_64-fedora-clang 0.1.3 149.73 NOTE
r-devel-linux-x86_64-fedora-gcc 0.1.3 140.83 NOTE
r-devel-windows-x86_64 0.1.3 29.00 144.00 173.00 OK
r-devel-windows-x86_64-gcc10-UCRT 0.1.3 NOTE
r-patched-linux-x86_64 0.1.3 7.38 107.36 114.74 OK
r-patched-solaris-x86 0.1.3 193.10 NOTE
r-release-linux-x86_64 0.1.3 6.08 106.99 113.07 OK
r-release-macos-arm64 0.1.3 NOTE
r-release-macos-x86_64 0.1.3 NOTE
r-release-windows-ix86+x86_64 0.1.3 19.00 135.00 154.00 OK
r-oldrel-macos-x86_64 0.1.3 NOTE
r-oldrel-windows-ix86+x86_64 0.1.3 21.00 124.00 145.00 OK

Check Details

Version: 0.1.3
Check: dependencies in R code
Result: NOTE
    Namespaces in Imports field not imported from:
     ‘lwgeom’ ‘utf8’
     All declared Imports should be used.
Flavors: r-devel-linux-x86_64-fedora-clang, r-devel-linux-x86_64-fedora-gcc, r-devel-windows-x86_64-gcc10-UCRT, r-patched-solaris-x86, r-release-macos-arm64, r-release-macos-x86_64, r-oldrel-macos-x86_64