Last updated on 2021-07-01 01:49:28 CEST.
Flavor | Version | Tinstall | Tcheck | Ttotal | Status | Flags |
---|---|---|---|---|---|---|
r-devel-linux-x86_64-debian-clang | 2.4.1 | 6.40 | 89.68 | 96.08 | OK | |
r-devel-linux-x86_64-debian-gcc | 2.4.1 | 4.50 | 64.96 | 69.46 | OK | |
r-devel-linux-x86_64-fedora-clang | 2.4.1 | 119.05 | NOTE | |||
r-devel-linux-x86_64-fedora-gcc | 2.4.1 | 105.61 | NOTE | |||
r-devel-windows-x86_64 | 2.4.1 | 10.00 | 112.00 | 122.00 | OK | |
r-devel-windows-x86_64-gcc10-UCRT | 2.4.1 | NOTE | ||||
r-patched-linux-x86_64 | 2.4.1 | 9.19 | 83.62 | 92.81 | OK | |
r-patched-solaris-x86 | 2.4.1 | 144.30 | NOTE | |||
r-release-linux-x86_64 | 2.4.1 | 6.02 | 83.26 | 89.28 | OK | |
r-release-macos-arm64 | 2.4.1 | NOTE | ||||
r-release-macos-x86_64 | 2.4.1 | NOTE | ||||
r-release-windows-ix86+x86_64 | 2.4.1 | 22.00 | 117.00 | 139.00 | OK | |
r-oldrel-macos-x86_64 | 2.4.1 | NOTE | ||||
r-oldrel-windows-ix86+x86_64 | 2.4.1 | 15.00 | 97.00 | 112.00 | OK |
Version: 2.4.1
Check: dependencies in R code
Result: NOTE
Namespaces in Imports field not imported from:
‘backports’ ‘methods’
All declared Imports should be used.
Flavors: r-devel-linux-x86_64-fedora-clang, r-devel-linux-x86_64-fedora-gcc, r-devel-windows-x86_64-gcc10-UCRT, r-patched-solaris-x86, r-release-macos-arm64, r-release-macos-x86_64, r-oldrel-macos-x86_64