CRAN Package Check Results for Package sysfonts

Last updated on 2021-07-01 01:49:28 CEST.

Flavor Version Tinstall Tcheck Ttotal Status Flags
r-devel-linux-x86_64-debian-clang 0.8.3 4.36 24.23 28.59 OK
r-devel-linux-x86_64-debian-gcc 0.8.3 2.79 19.09 21.88 OK
r-devel-linux-x86_64-fedora-clang 0.8.3 43.39 OK
r-devel-linux-x86_64-fedora-gcc 0.8.3 34.28 OK
r-devel-windows-x86_64 0.8.3 6.00 43.00 49.00 OK
r-devel-windows-x86_64-gcc10-UCRT 0.8.3 OK
r-patched-linux-x86_64 0.8.3 3.94 23.76 27.70 OK
r-patched-solaris-x86 0.8.3 49.20 OK
r-release-linux-x86_64 0.8.3 3.60 23.76 27.36 OK
r-release-macos-arm64 0.8.3 ERROR
r-release-macos-x86_64 0.8.3 NOTE
r-release-windows-ix86+x86_64 0.8.3 9.00 43.00 52.00 OK
r-oldrel-macos-x86_64 0.8.3 NOTE
r-oldrel-windows-ix86+x86_64 0.8.3 13.00 48.00 61.00 OK

Check Details

Version: 0.8.3
Check: whether package can be installed
Result: ERROR
    Installation failed.
Flavor: r-release-macos-arm64

Version: 0.8.3
Check: installed package size
Result: NOTE
     installed size is 5.6Mb
     sub-directories of 1Mb or more:
     fonts 1.7Mb
     libs 3.8Mb
Flavors: r-release-macos-x86_64, r-oldrel-macos-x86_64